{"id":1290,"date":"2017-01-17T16:45:45","date_gmt":"2017-01-17T15:45:45","guid":{"rendered":"http:\/\/www.soralia.be\/?page_id=1290"},"modified":"2025-03-05T11:06:03","modified_gmt":"2025-03-05T10:06:03","slug":"brabant-wallon","status":"publish","type":"page","link":"https:\/\/www.soralia.be\/accueil\/qui-sommes-nous\/regionales\/brabant-wallon\/","title":{"rendered":"Brabant wallon"},"content":{"rendered":"<div class=\"fusion-fullwidth fullwidth-box fusion-builder-row-1 fusion-flex-container nonhundred-percent-fullwidth non-hundred-percent-height-scrolling\" style=\"--awb-border-radius-top-left:0px;--awb-border-radius-top-right:0px;--awb-border-radius-bottom-right:0px;--awb-border-radius-bottom-left:0px;--awb-flex-wrap:wrap;\" ><div class=\"fusion-builder-row fusion-row fusion-flex-align-items-flex-start fusion-flex-content-wrap\" style=\"max-width:1248px;margin-left: calc(-4% \/ 2 );margin-right: calc(-4% \/ 2 );\"><div class=\"fusion-layout-column fusion_builder_column fusion-builder-column-0 fusion_builder_column_1_1 1_1 fusion-flex-column\" style=\"--awb-bg-size:cover;--awb-width-large:100%;--awb-margin-top-large:0px;--awb-spacing-right-large:1.92%;--awb-margin-bottom-large:0px;--awb-spacing-left-large:1.92%;--awb-width-medium:100%;--awb-spacing-right-medium:1.92%;--awb-spacing-left-medium:1.92%;--awb-width-small:100%;--awb-spacing-right-small:1.92%;--awb-spacing-left-small:1.92%;\"><div class=\"fusion-column-wrapper fusion-flex-justify-content-flex-start fusion-content-layout-column\"><div class=\"fusion-text fusion-text-1\"><h3 style=\"text-align: justify;\">Soralia Brabant wallon<\/h3>\n<p>Soralia est sur tous les fronts pour \u00e9couter et porter les revendications de leurs concitoyen\u00b7ne\u00b7s en mati\u00e8re de sant\u00e9 et d\u2019in\u00e9galit\u00e9s.<\/p>\n<p>Soralia Brabant wallon, c\u2019est\u00a0:<\/p>\n<ul>\n<li>Des groupes \u00e0 projets\u00a0: L\u2019\u00e9galit\u00e9, \u00e7a se travaille\u00a0!, Ni coup ni injures,<\/li>\n<li>Des actions sur les violences faites aux femmes et l\u2019\u00e9galit\u00e9 des genres,<\/li>\n<li>Une halte-accueil et la ludoth\u00e8que de la Maison Surprise avec des consultations ONE,<\/li>\n<li>Un <a href=\"https:\/\/www.facebook.com\/cpfrosaguilmot\">Centre de planning familial Rosa Guilmot<\/a>,<\/li>\n<li>Des relais <a href=\"http:\/\/www.esenca.be\">Esenca<\/a> et <a href=\"http:\/\/www.liages.be\">Liages<\/a>.<\/li>\n<\/ul>\n<p>Nous comptons tout particuli\u00e8rement sur nos Comit\u00e9s Soralia, compos\u00e9s de militantes passionn\u00e9es et motiv\u00e9es. Un grand merci pour leur implication f\u00e9ministe.<\/p>\n<\/div><div class=\"fusion-text fusion-text-2\"><p><strong>Prochaines activit\u00e9s:<br \/>\n<\/strong><div class=\"ecs-no-events\">Il n\u2019y a pas d\u2019\u00e9v\u00e8nements \u00e0 venir.<\/div><\/p>\n<\/div><div class=\"fusion-text fusion-text-3\"><h3>Contact<\/h3>\n<p>Secr\u00e9taire g\u00e9n\u00e9rale : \u00a0Laurence Smets<br \/>\nRue Saint-Andr\u00e9 1 \u2013 1400 Nivelles<br \/>\nTel : 010 24 37 24 &#8211; <a href=\"mailto:saralia.bw@solidaris.be\">soralia.bw@solidaris.be<\/a><br \/>\nFacebook : <a href=\"https:\/\/www.facebook.com\/soraliabw\">Soralia Brabant Wallon<\/a><\/p>\n<\/div>\t\t\t\t\t<script type=\"text\/javascript\">\n\t\t\t\t\t\tvar map_fusion_map_69e104f75ea4a;\n\t\t\t\t\t\tvar markers = [];\n\t\t\t\t\t\tvar counter = 0;\n\t\t\t\t\t\t\t\t\t\t\t\t\t\t\t\t\t\t\t\tvar fusionMapNonce = 'f127b34bed';\n\t\t\t\t\t\t\t\t\t\t\t\tfunction fusion_run_map_fusion_map_69e104f75ea4a() {\n\t\t\t\t\t\t\tjQuery ('#fusion_map_69e104f75ea4a' ).fusion_maps( {\n\t\t\t\t\t\t\t\taddresses: [{\"address\":\"1 Rue St Andr\\u00e9 1400 Nivelles\",\"infobox_content\":\"1 Rue St Andr\\u00e9 1400 Nivelles\",\"coordinates\":false,\"cache\":true,\"latitude\":\"50.59912629999999\",\"longitude\":\"4.32365690000006\"}],\n\t\t\t\t\t\t\t\tanimations: false,\n\t\t\t\t\t\t\t\tinfobox_background_color: '',\n\t\t\t\t\t\t\t\tinfobox_styling: 'default',\n\t\t\t\t\t\t\t\tinfobox_text_color: '',\n\t\t\t\t\t\t\t\tmap_style: 'default',\n\t\t\t\t\t\t\t\tmap_type: 'roadmap',\n\t\t\t\t\t\t\t\tmarker_icon: '',\n\t\t\t\t\t\t\t\toverlay_color: '',\n\t\t\t\t\t\t\t\toverlay_color_hsl: {\"hue\":0,\"sat\":0,\"lum\":100},\n\t\t\t\t\t\t\t\tshow_address: true,\n\t\t\t\t\t\t\t\tscale_control: true,\n\t\t\t\t\t\t\t\tscrollwheel: true,\n\t\t\t\t\t\t\t\tzoom: 14,\n\t\t\t\t\t\t\t\tzoom_control: true,\n\t\t\t\t\t\t\t} );\n\t\t\t\t\t\t}\n\n\t\t\t\t\t\tgoogle.maps.event.addDomListener(window, 'load', fusion_run_map_fusion_map_69e104f75ea4a);\n\t\t\t\t\t<\/script>\n\t\t\t\t\t<div class=\"shortcode-map fusion-google-map fusion-maps-js-type\" id=\"fusion_map_69e104f75ea4a\"><\/div><\/div><\/div><\/div><\/div>\n","protected":false},"excerpt":{"rendered":"","protected":false},"author":4,"featured_media":0,"parent":71,"menu_order":0,"comment_status":"closed","ping_status":"closed","template":"","meta":{"footnotes":""},"class_list":["post-1290","page","type-page","status-publish","hentry"],"_links":{"self":[{"href":"https:\/\/www.soralia.be\/accueil\/wp-json\/wp\/v2\/pages\/1290","targetHints":{"allow":["GET"]}}],"collection":[{"href":"https:\/\/www.soralia.be\/accueil\/wp-json\/wp\/v2\/pages"}],"about":[{"href":"https:\/\/www.soralia.be\/accueil\/wp-json\/wp\/v2\/types\/page"}],"author":[{"embeddable":true,"href":"https:\/\/www.soralia.be\/accueil\/wp-json\/wp\/v2\/users\/4"}],"replies":[{"embeddable":true,"href":"https:\/\/www.soralia.be\/accueil\/wp-json\/wp\/v2\/comments?post=1290"}],"version-history":[{"count":16,"href":"https:\/\/www.soralia.be\/accueil\/wp-json\/wp\/v2\/pages\/1290\/revisions"}],"predecessor-version":[{"id":15610,"href":"https:\/\/www.soralia.be\/accueil\/wp-json\/wp\/v2\/pages\/1290\/revisions\/15610"}],"up":[{"embeddable":true,"href":"https:\/\/www.soralia.be\/accueil\/wp-json\/wp\/v2\/pages\/71"}],"wp:attachment":[{"href":"https:\/\/www.soralia.be\/accueil\/wp-json\/wp\/v2\/media?parent=1290"}],"curies":[{"name":"wp","href":"https:\/\/api.w.org\/{rel}","templated":true}]}}