{"id":1314,"date":"2017-01-18T11:02:30","date_gmt":"2017-01-18T10:02:30","guid":{"rendered":"http:\/\/www.soralia.be\/?page_id=1314"},"modified":"2026-02-23T14:08:39","modified_gmt":"2026-02-23T13:08:39","slug":"namur","status":"publish","type":"page","link":"https:\/\/www.soralia.be\/accueil\/qui-sommes-nous\/regionales\/namur\/","title":{"rendered":"Namur"},"content":{"rendered":"<div class=\"fusion-fullwidth fullwidth-box fusion-builder-row-1 fusion-flex-container nonhundred-percent-fullwidth non-hundred-percent-height-scrolling\" style=\"--awb-border-radius-top-left:0px;--awb-border-radius-top-right:0px;--awb-border-radius-bottom-right:0px;--awb-border-radius-bottom-left:0px;--awb-flex-wrap:wrap;\" ><div class=\"fusion-builder-row fusion-row fusion-flex-align-items-flex-start fusion-flex-content-wrap\" style=\"max-width:1248px;margin-left: calc(-4% \/ 2 );margin-right: calc(-4% \/ 2 );\"><div class=\"fusion-layout-column fusion_builder_column fusion-builder-column-0 fusion_builder_column_1_1 1_1 fusion-flex-column\" style=\"--awb-bg-size:cover;--awb-width-large:100%;--awb-margin-top-large:0px;--awb-spacing-right-large:1.92%;--awb-margin-bottom-large:0px;--awb-spacing-left-large:1.92%;--awb-width-medium:100%;--awb-spacing-right-medium:1.92%;--awb-spacing-left-medium:1.92%;--awb-width-small:100%;--awb-spacing-right-small:1.92%;--awb-spacing-left-small:1.92%;\"><div class=\"fusion-column-wrapper fusion-flex-justify-content-flex-start fusion-content-layout-column\"><div class=\"fusion-text fusion-text-1\"><h3>Soralia Namur<\/h3>\n<p>L\u2019asbl Soralia Namur est un Mouvement d\u2019\u00e9ducation permanente, f\u00e9ministe et mutualiste, reconnu par la F\u00e9d\u00e9ration Wallonie-Bruxelles et membre du r\u00e9seau associatif de Solidaris Wallonie.\u00a0Au quotidien, nous militons et menons des actions afin de promouvoir l\u2019\u00e9galit\u00e9 entre les femmes et les hommes, r\u00e9duire les in\u00e9galit\u00e9s en mati\u00e8re de sant\u00e9, et favoriser une citoyennet\u00e9 active.<\/p>\n<p>Soralia Namur c&rsquo;est aussi :<\/p>\n<ul>\n<li>Un r\u00e9seau de militant.e.s se r\u00e9partissant dans divers comit\u00e9s locaux\u202f: les comit\u00e9s locaux Soralia sont actifs dans une d\u00e9marche citoyenne et de promotion \u00e0 la sant\u00e9 par l&rsquo;organisation d&rsquo;actions de sensibilisation, la mise en place de divers projets, et participent \u00e0 la vie de leur commune.<\/li>\n<\/ul>\n<ul>\n<li>Des actions de terrain et une pr\u00e9sence \u00e0 des \u00e9v\u00e8nements phares tels que\u202f: le 08\/03 pour la Journ\u00e9e Internationale des Droits des femmes; le 17\/10 pour la Journ\u00e9e de lutte contre la Pauvret\u00e9 \u00e0 Namur; le 25\/11 pour la sensibilisation aux violences faites aux femmes dans le cadre de la campagne ruban blanc.<\/li>\n<\/ul>\n<p><strong>QUELLES SONT NOS ACTIONS ?<\/strong><\/p>\n<p><strong>Nous organisons des animations et actions de sensibilisation :<\/strong> en fonction de l\u2019actualit\u00e9, sur demande ou sur base de nos campagnes. Les th\u00e9matiques fr\u00e9quemment abord\u00e9es sont : la sant\u00e9, la s\u00e9curit\u00e9 sociale, les in\u00e9galit\u00e9s de genre, les politiques familiales, l\u2019individualisation des droits sociaux, etc.<\/p>\n<p><strong>Nous accompagnons des groupes \u00e0 projets\u202f: <\/strong>compos\u00e9s de citoyen.ne.s qui se rencontrent et agissent autour d\u2019un th\u00e8me choisi, r\u00e9pondant \u00e0 un besoin, un manque, un constat, en vue de faire \u00e9voluer les mentalit\u00e9s, les comportements, de prendre une place dans l\u2019espace public et d\u2019interpeller les politiques, par le biais d\u2019expos-animations ou th\u00e9\u00e2tre-action.<\/p>\n<ul>\n<li><strong>Le potager collectif<\/strong> de Walcourt : pour l\u2019acc\u00e8s \u00e0 une alimentation saine et durable.<\/li>\n<li><a href=\"https:\/\/www.soralia.be\/accueil\/street-carreleuz\/\"><strong>Les Street CarreleuZ <\/strong><\/a>\u202f\u00e0 Philippeville : r\u00e9alisation d\u2019un ensemble de carreaux c\u00e9ramiques qui constituent un parcours Street Art afin de sensibiliser \u00e0 la place\u00a0 des\u00a0 femmes dans l\u2019espace public.<\/li>\n<li><strong>Le projet Kangourou<\/strong> : soutien \u00e0 la parentalit\u00e9 et cr\u00e9ation de liens entre les familles en situation de pr\u00e9carit\u00e9.<\/li>\n<li><strong>Des ateliers d\u2019\u00e9criture<\/strong> : r\u00e9daction de textes sur diff\u00e9rents sujets de soci\u00e9t\u00e9.<\/li>\n<li><strong>Des podcasts<\/strong> : en collaboration avec le service Alpha du CPAS de Namur. Chaque mercredi, nous donnons la parole \u00e0 des personnes primo-arrivantes qui apprennent le fran\u00e7ais. Elles partagent des exp\u00e9riences et des \u00e9changes autour de la vie, des cultures et de l\u2019\u00e9mancipation.<br \/>\nEcoutez le 1er \u00e9pisode :<\/li>\n<\/ul>\n<\/div><div class=\"fusion-video fusion-youtube\" style=\"--awb-max-width:450px;--awb-max-height:200px;\"><div class=\"video-shortcode\"><div class=\"fluid-width-video-wrapper\" style=\"padding-top:44.44%;\" ><iframe title=\"YouTube video player 1\" src=\"https:\/\/www.youtube.com\/embed\/2E7r1xjtPao?wmode=transparent&autoplay=0\" width=\"450\" height=\"200\" allowfullscreen allow=\"autoplay; clipboard-write; encrypted-media; gyroscope; picture-in-picture;\"><\/iframe><\/div><\/div><\/div><div class=\"fusion-separator fusion-full-width-sep\" style=\"align-self: center;margin-left: auto;margin-right: auto;flex-grow:2;margin-top:20px;margin-bottom:20px;width:100%;\"><div class=\"fusion-separator-border sep-single sep-solid\" style=\"--awb-height:20px;--awb-amount:20px;border-color:var(--awb-color3);border-top-width:4px;\"><\/div><\/div><div class=\"fusion-text fusion-text-2\"><p><strong>Prochaines activit\u00e9s:<br \/>\n<\/strong><div class=\"ecs-no-events\">Il n\u2019y a pas d\u2019\u00e9v\u00e8nements \u00e0 venir.<\/div><\/p>\n<\/div><div class=\"fusion-text fusion-text-3\"><p>CONTACT :<br \/>\nSecr\u00e9taire R\u00e9gionale : Val\u00e9rie D\u00e9om<br \/>\nSecr\u00e9taire R\u00e9gionale adjointe\u202f: St\u00e9phanie Destr\u00e9e<br \/>\nChauss\u00e9e de Waterloo, 182 &#8211; 5002 Saint-Servais<\/p>\n<p>Rue de France, 35 \u2013 5600 Philippeville<br \/>\nT\u00e9l : 081\/77 71 82 \u2013 Mail:\u202f<a href=\"mailto:soralia.namur@solidaris.be\">soralia.namur@solidaris.be<\/a><br \/>\nFacebook :\u202f<a href=\"https:\/\/www.facebook.com\/SoraliaNamur\">Soralia Namur<\/a><\/p>\n<\/div>\t\t\t\t\t<script type=\"text\/javascript\">\n\t\t\t\t\t\tvar map_fusion_map_69e1a1733c6eb;\n\t\t\t\t\t\tvar markers = [];\n\t\t\t\t\t\tvar counter = 0;\n\t\t\t\t\t\t\t\t\t\t\t\t\t\t\t\t\t\t\t\tvar fusionMapNonce = '7f3710c2b8';\n\t\t\t\t\t\t\t\t\t\t\t\tfunction fusion_run_map_fusion_map_69e1a1733c6eb() {\n\t\t\t\t\t\t\tjQuery ('#fusion_map_69e1a1733c6eb' ).fusion_maps( {\n\t\t\t\t\t\t\t\taddresses: [{\"address\":\"Chauss\\u00e9e de Waterloo, 182, 5002 Saint-Servais\",\"infobox_content\":\"Chauss\\u00e9e de Waterloo, 182, 5002 Saint-Servais\",\"coordinates\":false,\"cache\":true,\"latitude\":\"50.4726263\",\"longitude\":\"4.845279500000061\"}],\n\t\t\t\t\t\t\t\tanimations: false,\n\t\t\t\t\t\t\t\tinfobox_background_color: '',\n\t\t\t\t\t\t\t\tinfobox_styling: 'default',\n\t\t\t\t\t\t\t\tinfobox_text_color: '',\n\t\t\t\t\t\t\t\tmap_style: 'default',\n\t\t\t\t\t\t\t\tmap_type: 'roadmap',\n\t\t\t\t\t\t\t\tmarker_icon: '',\n\t\t\t\t\t\t\t\toverlay_color: '',\n\t\t\t\t\t\t\t\toverlay_color_hsl: {\"hue\":0,\"sat\":0,\"lum\":100},\n\t\t\t\t\t\t\t\tshow_address: true,\n\t\t\t\t\t\t\t\tscale_control: true,\n\t\t\t\t\t\t\t\tscrollwheel: true,\n\t\t\t\t\t\t\t\tzoom: 14,\n\t\t\t\t\t\t\t\tzoom_control: true,\n\t\t\t\t\t\t\t} );\n\t\t\t\t\t\t}\n\n\t\t\t\t\t\tgoogle.maps.event.addDomListener(window, 'load', fusion_run_map_fusion_map_69e1a1733c6eb);\n\t\t\t\t\t<\/script>\n\t\t\t\t\t<div class=\"shortcode-map fusion-google-map fusion-maps-js-type\" id=\"fusion_map_69e1a1733c6eb\"><\/div><\/div><\/div><\/div><\/div>\n","protected":false},"excerpt":{"rendered":"","protected":false},"author":4,"featured_media":0,"parent":71,"menu_order":0,"comment_status":"closed","ping_status":"closed","template":"","meta":{"footnotes":""},"class_list":["post-1314","page","type-page","status-publish","hentry"],"_links":{"self":[{"href":"https:\/\/www.soralia.be\/accueil\/wp-json\/wp\/v2\/pages\/1314","targetHints":{"allow":["GET"]}}],"collection":[{"href":"https:\/\/www.soralia.be\/accueil\/wp-json\/wp\/v2\/pages"}],"about":[{"href":"https:\/\/www.soralia.be\/accueil\/wp-json\/wp\/v2\/types\/page"}],"author":[{"embeddable":true,"href":"https:\/\/www.soralia.be\/accueil\/wp-json\/wp\/v2\/users\/4"}],"replies":[{"embeddable":true,"href":"https:\/\/www.soralia.be\/accueil\/wp-json\/wp\/v2\/comments?post=1314"}],"version-history":[{"count":21,"href":"https:\/\/www.soralia.be\/accueil\/wp-json\/wp\/v2\/pages\/1314\/revisions"}],"predecessor-version":[{"id":23334,"href":"https:\/\/www.soralia.be\/accueil\/wp-json\/wp\/v2\/pages\/1314\/revisions\/23334"}],"up":[{"embeddable":true,"href":"https:\/\/www.soralia.be\/accueil\/wp-json\/wp\/v2\/pages\/71"}],"wp:attachment":[{"href":"https:\/\/www.soralia.be\/accueil\/wp-json\/wp\/v2\/media?parent=1314"}],"curies":[{"name":"wp","href":"https:\/\/api.w.org\/{rel}","templated":true}]}}