{"id":10531,"date":"2020-03-02T09:58:45","date_gmt":"2020-03-02T08:58:45","guid":{"rendered":"https:\/\/www.soralia.be\/?post_type=tribe_events&#038;p=10531"},"modified":"2020-03-02T09:58:45","modified_gmt":"2020-03-02T08:58:45","slug":"be-cause-toujours-apero-special-cycloparade","status":"publish","type":"tribe_events","link":"https:\/\/www.soralia.be\/accueil\/event\/be-cause-toujours-apero-special-cycloparade\/","title":{"rendered":"Be cause toujours ! : Ap\u00e9ro sp\u00e9cial Cycloparade"},"content":{"rendered":"<p>LA CYCLOPARADE F\u00c9MINISTE 2020, c\u2019est bient\u00f4t !!<\/p>\n<p>Tent\u00e9\u00b7e d\u2019aller d\u00e9filer le 8 mars mais pas envie de venir seul\u00b7e ? Motiv\u00e9\u00b7e de cr\u00e9er\/bricoler tout en papotant\/sirotant un verre ? Alors viens nous rejoindre lors de 2 ap\u00e9ros pour se pr\u00e9parer ensemble \u00e0 parader ! Prends si tu as : papiers de couleur, de r\u00e9cup\u2019, cartons, pastels gras\u2026<\/p>\n<div class=\"text_exposed_show\">\n<p>QUAND :<br \/>\nle mardi 03\/03 \u00e0 17h30 au 16, rue Alfred Magis.<br \/>\nGratuit sur inscription via alice.croibien@solidaris.be<\/p>\n<p>PLUS D\u2019INFOS SUR LA CYCLO :\u00a0<a href=\"https:\/\/bit.ly\/2TrMF73?fbclid=IwAR10uxH6HpVL8RM6ZZsKqhu014_uI4t43cy9_UHfp1HiAo2YMj3xV-bm9co\" target=\"_blank\" rel=\"noopener nofollow noreferrer\">http:\/\/bit.ly\/2TrMF73<\/a><\/p>\n<\/div>\n","protected":false},"excerpt":{"rendered":"<p>LA CYCLOPARADE F\u00c9MINISTE 2020, c\u2019est bient\u00f4t !! Tent\u00e9\u00b7e d\u2019aller d\u00e9filer le 8 mars mais pas envie de venir seul\u00b7e ? Motiv\u00e9\u00b7e de cr\u00e9er\/bricoler tout en papotant\/sirotant un verre ? Alors viens nous rejoindre lors de 2 ap\u00e9ros pour se pr\u00e9parer ensemble \u00e0 parader ! Prends si tu as : papiers  [&#8230;]<\/p>\n","protected":false},"author":12,"featured_media":1073,"template":"","meta":{"_tribe_events_status":"","_tribe_events_status_reason":"","_tribe_events_is_hybrid":"","_tribe_events_is_virtual":"","_tribe_events_virtual_video_source":"","_tribe_events_virtual_embed_video":"","_tribe_events_virtual_linked_button_text":"","_tribe_events_virtual_linked_button":"","_tribe_events_virtual_show_embed_at":"","_tribe_events_virtual_show_embed_to":[],"_tribe_events_virtual_show_on_event":"","_tribe_events_virtual_show_on_views":"","_tribe_events_virtual_url":"","footnotes":""},"tags":[],"tribe_events_cat":[84,80,76,77],"class_list":["post-10531","tribe_events","type-tribe_events","status-publish","has-post-thumbnail","hentry","tribe_events_cat-egalite-femme-homme","tribe_events_cat-liege","tribe_events_cat-regional","tribe_events_cat-themes","cat_egalite-femme-homme","cat_liege","cat_regional","cat_themes"],"_links":{"self":[{"href":"https:\/\/www.soralia.be\/accueil\/wp-json\/wp\/v2\/tribe_events\/10531","targetHints":{"allow":["GET"]}}],"collection":[{"href":"https:\/\/www.soralia.be\/accueil\/wp-json\/wp\/v2\/tribe_events"}],"about":[{"href":"https:\/\/www.soralia.be\/accueil\/wp-json\/wp\/v2\/types\/tribe_events"}],"author":[{"embeddable":true,"href":"https:\/\/www.soralia.be\/accueil\/wp-json\/wp\/v2\/users\/12"}],"version-history":[{"count":1,"href":"https:\/\/www.soralia.be\/accueil\/wp-json\/wp\/v2\/tribe_events\/10531\/revisions"}],"predecessor-version":[{"id":10532,"href":"https:\/\/www.soralia.be\/accueil\/wp-json\/wp\/v2\/tribe_events\/10531\/revisions\/10532"}],"wp:featuredmedia":[{"embeddable":true,"href":"https:\/\/www.soralia.be\/accueil\/wp-json\/wp\/v2\/media\/1073"}],"wp:attachment":[{"href":"https:\/\/www.soralia.be\/accueil\/wp-json\/wp\/v2\/media?parent=10531"}],"wp:term":[{"taxonomy":"post_tag","embeddable":true,"href":"https:\/\/www.soralia.be\/accueil\/wp-json\/wp\/v2\/tags?post=10531"},{"taxonomy":"tribe_events_cat","embeddable":true,"href":"https:\/\/www.soralia.be\/accueil\/wp-json\/wp\/v2\/tribe_events_cat?post=10531"}],"curies":[{"name":"wp","href":"https:\/\/api.w.org\/{rel}","templated":true}]}}

Be cause toujours ! : Apéro spécial Cycloparade

<p>LA CYCLOPARADE FÉMINISTE 2020, c’est bientôt !!</p>
<p>Tenté·e d’aller défiler le 8 mars mais pas envie de venir seul·e ? Motivé·e de créer/bricoler tout en papotant/sirotant un verre ? Alors viens nous rejoindre lors de 2 apéros pour se préparer ensemble à parader ! Prends si tu as : papiers de couleur, de récup’, cartons, pastels gras…</p>
<div class="text_exposed_show">
<p>QUAND :<br />
le mardi 03/03 à 17h30 au 16, rue Alfred Magis.<br />
Gratuit sur inscription via alice.croibien@solidaris.be</p>
<p>PLUS D’INFOS SUR LA CYCLO : <a href="https://bit.ly/2TrMF73?fbclid=IwAR10uxH6HpVL8RM6ZZsKqhu014_uI4t43cy9_UHfp1HiAo2YMj3xV-bm9co" target="_blank" rel="noopener nofollow noreferrer">http://bit.ly/2TrMF73</a></p>
</div>

<p>LA CYCLOPARADE FÉMINISTE 2020, c’est bientôt !! Tenté·e d’aller défiler le 8 mars mais pas envie de venir seul·e ? Motivé·e de créer/bricoler tout en papotant/sirotant un verre ? Alors viens nous rejoindre lors de 2 apéros pour se préparer ensemble à parader ! Prends si tu as : papiers  [&#8230;]</p>
