{"id":20094,"date":"2024-10-11T12:34:56","date_gmt":"2024-10-11T10:34:56","guid":{"rendered":"https:\/\/www.soralia.be\/accueil\/?post_type=tribe_events&#038;p=20094"},"modified":"2024-10-11T13:04:52","modified_gmt":"2024-10-11T11:04:52","slug":"chorale-interculturelle-tournai-4","status":"publish","type":"tribe_events","link":"https:\/\/www.soralia.be\/accueil\/event\/chorale-interculturelle-tournai-4\/","title":{"rendered":"Chorale interculturelle &#8211; Tournai"},"content":{"rendered":"<p><img decoding=\"async\" class=\"wp-image-20098 size-large aligncenter\" src=\"https:\/\/www.soralia.be\/wp-content\/uploads\/2024\/10\/Chorale-Tournai-web-724x1024.jpg\" alt=\"\" width=\"724\" height=\"1024\" srcset=\"https:\/\/www.soralia.be\/wp-content\/uploads\/2024\/10\/Chorale-Tournai-web-200x283.jpg 200w, https:\/\/www.soralia.be\/wp-content\/uploads\/2024\/10\/Chorale-Tournai-web-212x300.jpg 212w, https:\/\/www.soralia.be\/wp-content\/uploads\/2024\/10\/Chorale-Tournai-web-400x566.jpg 400w, https:\/\/www.soralia.be\/wp-content\/uploads\/2024\/10\/Chorale-Tournai-web-600x848.jpg 600w, https:\/\/www.soralia.be\/wp-content\/uploads\/2024\/10\/Chorale-Tournai-web-724x1024.jpg 724w, https:\/\/www.soralia.be\/wp-content\/uploads\/2024\/10\/Chorale-Tournai-web-768x1086.jpg 768w, https:\/\/www.soralia.be\/wp-content\/uploads\/2024\/10\/Chorale-Tournai-web-800x1131.jpg 800w, https:\/\/www.soralia.be\/wp-content\/uploads\/2024\/10\/Chorale-Tournai-web.jpg 877w\" sizes=\"(max-width: 724px) 100vw, 724px\" \/><\/p>\n<h3>Chorale interculturelle tournaisienne<\/h3>\n<p>Chanter ensemble pour aller \u00e0 la rencontre de l\u2019autre.<\/p>\n<p>La chorale interculturelle tournaisienne a pour vocation de tisser des ponts entre citoyen.nes du monde en proposant un r\u00e9pertoire plus \u00e9clectique, issu de la diversit\u00e9 culturelle des participant.e.s\u00a0!<\/p>\n<p>Venez travailler votre voix avec la cheffe de ch\u0153urs, Com\u00e8te Waf !<\/p>\n<h3>Infos pratiques<\/h3>\n<div class=\"fusion-li-item-content\">\n<p><strong>Pour qui ?<\/strong> D\u00e8s 18 ans<\/p>\n<\/div>\n<p><strong>Quand ?<\/strong> 2 mardis par mois de 18h \u00e0 20h<\/p>\n<div class=\"fusion-li-item-content\">\n<p><strong>O\u00f9 ?<\/strong> Salle CMT (suivez le fl\u00e9chage)<br \/>\nrue de Cordes 8, 7500 Tournai<\/p>\n<\/div>\n<p><strong>Prix ?<\/strong> Gratuit<\/p>\n<div class=\"fusion-li-item-content\">\n<p><strong>Sur inscription<\/strong><br \/>\nSoralia Wallonie picarde<br \/>\n068\/84 84 98 \u2013 <a href=\"mailto:soralia.mwp@solidaris.be\">soralia.mwp@solidaris.be<\/a><\/p>\n<\/div>\n","protected":false},"excerpt":{"rendered":"<p>2 mardis par mois \u00e0 Tournai<\/p>\n","protected":false},"author":19,"featured_media":1074,"template":"","meta":{"_tribe_events_status":"","_tribe_events_status_reason":"","_tribe_events_is_hybrid":"","_tribe_events_is_virtual":"","_tribe_events_virtual_video_source":"","_tribe_events_virtual_embed_video":"","_tribe_events_virtual_linked_button_text":"","_tribe_events_virtual_linked_button":"","_tribe_events_virtual_show_embed_at":"","_tribe_events_virtual_show_embed_to":[],"_tribe_events_virtual_show_on_event":"","_tribe_events_virtual_show_on_views":"","_tribe_events_virtual_url":"","footnotes":""},"tags":[],"tribe_events_cat":[166,50,89,76,82],"class_list":["post-20094","tribe_events","type-tribe_events","status-publish","has-post-thumbnail","hentry","tribe_events_cat-culture","tribe_events_cat-general","tribe_events_cat-loisirs","tribe_events_cat-regional","tribe_events_cat-wallonie-picarde","cat_culture","cat_general","cat_loisirs","cat_regional","cat_wallonie-picarde"],"_links":{"self":[{"href":"https:\/\/www.soralia.be\/accueil\/wp-json\/wp\/v2\/tribe_events\/20094","targetHints":{"allow":["GET"]}}],"collection":[{"href":"https:\/\/www.soralia.be\/accueil\/wp-json\/wp\/v2\/tribe_events"}],"about":[{"href":"https:\/\/www.soralia.be\/accueil\/wp-json\/wp\/v2\/types\/tribe_events"}],"author":[{"embeddable":true,"href":"https:\/\/www.soralia.be\/accueil\/wp-json\/wp\/v2\/users\/19"}],"version-history":[{"count":3,"href":"https:\/\/www.soralia.be\/accueil\/wp-json\/wp\/v2\/tribe_events\/20094\/revisions"}],"predecessor-version":[{"id":20112,"href":"https:\/\/www.soralia.be\/accueil\/wp-json\/wp\/v2\/tribe_events\/20094\/revisions\/20112"}],"wp:featuredmedia":[{"embeddable":true,"href":"https:\/\/www.soralia.be\/accueil\/wp-json\/wp\/v2\/media\/1074"}],"wp:attachment":[{"href":"https:\/\/www.soralia.be\/accueil\/wp-json\/wp\/v2\/media?parent=20094"}],"wp:term":[{"taxonomy":"post_tag","embeddable":true,"href":"https:\/\/www.soralia.be\/accueil\/wp-json\/wp\/v2\/tags?post=20094"},{"taxonomy":"tribe_events_cat","embeddable":true,"href":"https:\/\/www.soralia.be\/accueil\/wp-json\/wp\/v2\/tribe_events_cat?post=20094"}],"curies":[{"name":"wp","href":"https:\/\/api.w.org\/{rel}","templated":true}]}}

<p><img decoding="async" class="wp-image-20098 size-large aligncenter" src="https://www.soralia.be/wp-content/uploads/2024/10/Chorale-Tournai-web-724x1024.jpg" alt="" width="724" height="1024" srcset="https://www.soralia.be/wp-content/uploads/2024/10/Chorale-Tournai-web-200x283.jpg 200w, https://www.soralia.be/wp-content/uploads/2024/10/Chorale-Tournai-web-212x300.jpg 212w, https://www.soralia.be/wp-content/uploads/2024/10/Chorale-Tournai-web-400x566.jpg 400w, https://www.soralia.be/wp-content/uploads/2024/10/Chorale-Tournai-web-600x848.jpg 600w, https://www.soralia.be/wp-content/uploads/2024/10/Chorale-Tournai-web-724x1024.jpg 724w, https://www.soralia.be/wp-content/uploads/2024/10/Chorale-Tournai-web-768x1086.jpg 768w, https://www.soralia.be/wp-content/uploads/2024/10/Chorale-Tournai-web-800x1131.jpg 800w, https://www.soralia.be/wp-content/uploads/2024/10/Chorale-Tournai-web.jpg 877w" sizes="(max-width: 724px) 100vw, 724px" /></p>
<h3>Chorale interculturelle tournaisienne</h3>
<p>Chanter ensemble pour aller à la rencontre de l’autre.</p>
<p>La chorale interculturelle tournaisienne a pour vocation de tisser des ponts entre citoyen.nes du monde en proposant un répertoire plus éclectique, issu de la diversité culturelle des participant.e.s !</p>
<p>Venez travailler votre voix avec la cheffe de chœurs, Comète Waf !</p>
<h3>Infos pratiques</h3>
<div class="fusion-li-item-content">
<p><strong>Pour qui ?</strong> Dès 18 ans</p>
</div>
<p><strong>Quand ?</strong> 2 mardis par mois de 18h à 20h</p>
<div class="fusion-li-item-content">
<p><strong>Où ?</strong> Salle CMT (suivez le fléchage)<br />
rue de Cordes 8, 7500 Tournai</p>
</div>
<p><strong>Prix ?</strong> Gratuit</p>
<div class="fusion-li-item-content">
<p><strong>Sur inscription</strong><br />
Soralia Wallonie picarde<br />
068/84 84 98 – <a href="mailto:soralia.mwp@solidaris.be">soralia.mwp@solidaris.be</a></p>
</div>

<p>2 mardis par mois à Tournai</p>
