{"id":22115,"date":"2025-08-04T13:59:17","date_gmt":"2025-08-04T11:59:17","guid":{"rendered":"https:\/\/www.soralia.be\/accueil\/?post_type=tribe_events&#038;p=22115"},"modified":"2025-09-16T16:40:14","modified_gmt":"2025-09-16T14:40:14","slug":"a-nous-la-scene-rassemblement-culturel-et-feministe","status":"publish","type":"tribe_events","link":"https:\/\/www.soralia.be\/accueil\/event\/a-nous-la-scene-rassemblement-culturel-et-feministe\/","title":{"rendered":"A nous la sc\u00e8ne ! Rassemblement culturel et f\u00e9ministe"},"content":{"rendered":"<p><strong><img decoding=\"async\" class=\"wp-image-22116 alignnone\" src=\"https:\/\/www.soralia.be\/wp-content\/uploads\/2025\/08\/affiche-ANLS2025-scaled.png\" alt=\"\" width=\"325\" height=\"461\" srcset=\"https:\/\/www.soralia.be\/wp-content\/uploads\/2025\/08\/affiche-ANLS2025-200x284.png 200w, https:\/\/www.soralia.be\/wp-content\/uploads\/2025\/08\/affiche-ANLS2025-211x300.png 211w, https:\/\/www.soralia.be\/wp-content\/uploads\/2025\/08\/affiche-ANLS2025-400x568.png 400w, https:\/\/www.soralia.be\/wp-content\/uploads\/2025\/08\/affiche-ANLS2025-500x710.png 500w, https:\/\/www.soralia.be\/wp-content\/uploads\/2025\/08\/affiche-ANLS2025-600x851.png 600w, https:\/\/www.soralia.be\/wp-content\/uploads\/2025\/08\/affiche-ANLS2025-700x993.png 700w, https:\/\/www.soralia.be\/wp-content\/uploads\/2025\/08\/affiche-ANLS2025-722x1024.png 722w, https:\/\/www.soralia.be\/wp-content\/uploads\/2025\/08\/affiche-ANLS2025-768x1090.png 768w, https:\/\/www.soralia.be\/wp-content\/uploads\/2025\/08\/affiche-ANLS2025-800x1135.png 800w, https:\/\/www.soralia.be\/wp-content\/uploads\/2025\/08\/affiche-ANLS2025-1082x1536.png 1082w, https:\/\/www.soralia.be\/wp-content\/uploads\/2025\/08\/affiche-ANLS2025-1200x1703.png 1200w, https:\/\/www.soralia.be\/wp-content\/uploads\/2025\/08\/affiche-ANLS2025-1443x2048.png 1443w, https:\/\/www.soralia.be\/wp-content\/uploads\/2025\/08\/affiche-ANLS2025-scaled.png 1804w\" sizes=\"(max-width: 325px) 100vw, 325px\" \/><\/strong><\/p>\n<p><strong>Soralia vous convie \u00e0 son rassemblement f\u00e9ministe et culturel annuel \u00ab \u00c0 nous la sc\u00e8ne ! \u00bb. <\/strong><strong>Pour cette 3\u00e8me \u00e9dition, nous aborderons la th\u00e9matique du temps.<\/strong><\/p>\n<p>Moins de loisirs, de temps pour r\u00e9fl\u00e9chir, de temps pour se construire, se politiser. Moins de temps pour prendre sa place dans la soci\u00e9t\u00e9. Le temps des femmes n\u2019est pas \u00e9gal au temps des hommes. Alors venez prendre le temps d\u2019une journ\u00e9e rien que pour vous\u00a0!<\/p>\n<p><strong>\u25b6<\/strong><strong>\u00a0Rejoignez-nous le samedi 4 octobre 2025 <\/strong><strong>\u00e0 Mons<\/strong> (La P\u2019tite Maison folie)<\/p>\n<p>Au programme :<\/p>\n<ul>\n<li>14h\u00a0 &#8211; Ouverture des portes<\/li>\n<li>14h20 &#8211; Quelques mots de bienvenue<\/li>\n<li>14h30-16h30 &#8211; 3 ateliers cr\u00e9atifs au choix :<\/li>\n<\/ul>\n<p><strong>1. Parenth\u00e8se enchant\u00e9e : Chorale f\u00e9ministe, anim\u00e9e par<\/strong> <strong>Com\u00e8te Waf<br \/>\n<\/strong>D\u00e9couvrez la puissance de votre voix pour cr\u00e9er un choeur f\u00e9ministe \u00e9ph\u00e9m\u00e8re gr\u00e2ce \u00e0 la joie communicative de notre cheffe exp\u00e9riment\u00e9e. Pas de pr\u00e9requis n\u00e9cessaires !<\/p>\n<p><strong>2. Du temps pour moi, de la lumi\u00e8re sous mon toit : Initiation \u00e9lectricit\u00e9, anim\u00e9e par<\/strong> <strong>Nos Mains G\u00e9nies<br \/>\n<\/strong>On a tou.te.s \u00e9t\u00e9 un jour confront\u00e9.e.s \u00e0 des fils \u00e9lectriques pendouillant au plafond, alors qu\u2019on r\u00eavait de la douce lumi\u00e8re d\u2019une ampoule aur\u00e9ol\u00e9e d\u2019un abat-jour. On a tou.te.s rencontr\u00e9 un mur d\u2019o\u00f9 sortait une prise \u00e9lectrique qui ne tenait qu\u2019\u00e0 un fil, et dont la vue nous a fil\u00e9 des frissons.<\/p>\n<p>\u00c0 nous l\u2019installation d\u2019un soquet au plafond, et la fixation d\u2019une prise murale\u00a0! A la fin de ces 2h d\u2019atelier, cela n\u2019aura plus de secret pour vous.<\/p>\n<p><strong>3. Expression sans pression : Initiation aquarelle, anim\u00e9e par Sarah de Baets<br \/>\n<\/strong>Prendre du temps pour soi pendant 2h, se poser, cr\u00e9er, s&rsquo;exprimer, sans contrainte, sans tabous, sans pressions et prendre du temps pour soi, ce temps plaisir finalement.<\/p>\n<p><em>(Les ateliers ne seront malheureusement pas accessibles aux PMR)<\/em><\/p>\n<ul>\n<li>17h-18h \u2013 Spectacle de stand-up\u00a0: avec <strong>Dena<\/strong>, <strong>\u00c9milie Croon<\/strong>, <strong>M\u00e9lanie Akkari<\/strong>, <strong>Marine Sergent<\/strong>, <strong>Lola D\u2019Estienne<\/strong><\/li>\n<li>18h-20h \u2013 Ap\u00e9ro f\u00e9ministe (bulles\/softs offerts) en compagnie de <strong>DJ Biscoto<\/strong><\/li>\n<\/ul>\n<p>La librairie montoise <a href=\"https:\/\/www.librairiescientia.be\/\">Scientia<\/a> ainsi que plusieurs stands de diff\u00e9rentes associations seront accessibles tout au long de la journ\u00e9e.<br \/>\nL&rsquo;autrice <strong>Caroline Champagne<\/strong> se fera le plaisir de vous pr\u00e9senter son livre \u00ab\u00a0Le pont de l&rsquo;arc-en-ciel\u00a0\u00bb <a href=\"https:\/\/www.editions-maia.com\/livre\/le-pont-de-larc-en-ciel-caroline-champagne-9791042508210\/\">Le Pont de l\u2019arc-en-ciel par Caroline Champagne<\/a><\/p>\n<p>***<\/p>\n<p><strong>Gratuit, sur inscription <a href=\"https:\/\/docs.google.com\/forms\/d\/1-P3m00fjLp4wQUvlQqp1jLN4eGmRXsLSiTWMekNgIX0\/preview\">ici\u00a0<\/a><\/strong><\/p>\n<p>&nbsp;<\/p>\n","protected":false},"excerpt":{"rendered":"<p>Soralia vous convie \u00e0 son rassemblement f\u00e9ministe et culturel annuel \u00ab \u00c0 nous la sc\u00e8ne ! \u00bb. Pour cette 3\u00e8me \u00e9dition, nous aborderons la th\u00e9matique du temps. Moins de loisirs, de temps pour r\u00e9fl\u00e9chir, de temps pour se construire, se politiser. Moins de temps pour prendre sa place dans la  [&#8230;]<\/p>\n","protected":false},"author":4,"featured_media":0,"template":"","meta":{"_tribe_events_status":"","_tribe_events_status_reason":"","_tribe_events_is_hybrid":"","_tribe_events_is_virtual":"","_tribe_events_virtual_video_source":"","_tribe_events_virtual_embed_video":"","_tribe_events_virtual_linked_button_text":"","_tribe_events_virtual_linked_button":"","_tribe_events_virtual_show_embed_at":"","_tribe_events_virtual_show_embed_to":[],"_tribe_events_virtual_show_on_event":"","_tribe_events_virtual_show_on_views":"","_tribe_events_virtual_url":"","footnotes":""},"tags":[],"tribe_events_cat":[],"class_list":["post-22115","tribe_events","type-tribe_events","status-publish","hentry"],"_links":{"self":[{"href":"https:\/\/www.soralia.be\/accueil\/wp-json\/wp\/v2\/tribe_events\/22115","targetHints":{"allow":["GET"]}}],"collection":[{"href":"https:\/\/www.soralia.be\/accueil\/wp-json\/wp\/v2\/tribe_events"}],"about":[{"href":"https:\/\/www.soralia.be\/accueil\/wp-json\/wp\/v2\/types\/tribe_events"}],"author":[{"embeddable":true,"href":"https:\/\/www.soralia.be\/accueil\/wp-json\/wp\/v2\/users\/4"}],"version-history":[{"count":11,"href":"https:\/\/www.soralia.be\/accueil\/wp-json\/wp\/v2\/tribe_events\/22115\/revisions"}],"predecessor-version":[{"id":22303,"href":"https:\/\/www.soralia.be\/accueil\/wp-json\/wp\/v2\/tribe_events\/22115\/revisions\/22303"}],"wp:attachment":[{"href":"https:\/\/www.soralia.be\/accueil\/wp-json\/wp\/v2\/media?parent=22115"}],"wp:term":[{"taxonomy":"post_tag","embeddable":true,"href":"https:\/\/www.soralia.be\/accueil\/wp-json\/wp\/v2\/tags?post=22115"},{"taxonomy":"tribe_events_cat","embeddable":true,"href":"https:\/\/www.soralia.be\/accueil\/wp-json\/wp\/v2\/tribe_events_cat?post=22115"}],"curies":[{"name":"wp","href":"https:\/\/api.w.org\/{rel}","templated":true}]}}

A nous la scène ! Rassemblement culturel et féministe

<p><strong><img decoding="async" class="wp-image-22116 alignnone" src="https://www.soralia.be/wp-content/uploads/2025/08/affiche-ANLS2025-scaled.png" alt="" width="325" height="461" srcset="https://www.soralia.be/wp-content/uploads/2025/08/affiche-ANLS2025-200x284.png 200w, https://www.soralia.be/wp-content/uploads/2025/08/affiche-ANLS2025-211x300.png 211w, https://www.soralia.be/wp-content/uploads/2025/08/affiche-ANLS2025-400x568.png 400w, https://www.soralia.be/wp-content/uploads/2025/08/affiche-ANLS2025-500x710.png 500w, https://www.soralia.be/wp-content/uploads/2025/08/affiche-ANLS2025-600x851.png 600w, https://www.soralia.be/wp-content/uploads/2025/08/affiche-ANLS2025-700x993.png 700w, https://www.soralia.be/wp-content/uploads/2025/08/affiche-ANLS2025-722x1024.png 722w, https://www.soralia.be/wp-content/uploads/2025/08/affiche-ANLS2025-768x1090.png 768w, https://www.soralia.be/wp-content/uploads/2025/08/affiche-ANLS2025-800x1135.png 800w, https://www.soralia.be/wp-content/uploads/2025/08/affiche-ANLS2025-1082x1536.png 1082w, https://www.soralia.be/wp-content/uploads/2025/08/affiche-ANLS2025-1200x1703.png 1200w, https://www.soralia.be/wp-content/uploads/2025/08/affiche-ANLS2025-1443x2048.png 1443w, https://www.soralia.be/wp-content/uploads/2025/08/affiche-ANLS2025-scaled.png 1804w" sizes="(max-width: 325px) 100vw, 325px" /></strong></p>
<p><strong>Soralia vous convie à son rassemblement féministe et culturel annuel « À nous la scène ! ». </strong><strong>Pour cette 3ème édition, nous aborderons la thématique du temps.</strong></p>
<p>Moins de loisirs, de temps pour réfléchir, de temps pour se construire, se politiser. Moins de temps pour prendre sa place dans la société. Le temps des femmes n’est pas égal au temps des hommes. Alors venez prendre le temps d’une journée rien que pour vous !</p>
<p><strong>▶</strong><strong> Rejoignez-nous le samedi 4 octobre 2025 </strong><strong>à Mons</strong> (La P’tite Maison folie)</p>
<p>Au programme :</p>
<ul>
<li>14h  &#8211; Ouverture des portes</li>
<li>14h20 &#8211; Quelques mots de bienvenue</li>
<li>14h30-16h30 &#8211; 3 ateliers créatifs au choix :</li>
</ul>
<p><strong>1. Parenthèse enchantée : Chorale féministe, animée par</strong> <strong>Comète Waf<br />
</strong>Découvrez la puissance de votre voix pour créer un choeur féministe éphémère grâce à la joie communicative de notre cheffe expérimentée. Pas de prérequis nécessaires !</p>
<p><strong>2. Du temps pour moi, de la lumière sous mon toit : Initiation électricité, animée par</strong> <strong>Nos Mains Génies<br />
</strong>On a tou.te.s été un jour confronté.e.s à des fils électriques pendouillant au plafond, alors qu’on rêvait de la douce lumière d’une ampoule auréolée d’un abat-jour. On a tou.te.s rencontré un mur d’où sortait une prise électrique qui ne tenait qu’à un fil, et dont la vue nous a filé des frissons.</p>
<p>À nous l’installation d’un soquet au plafond, et la fixation d’une prise murale ! A la fin de ces 2h d’atelier, cela n’aura plus de secret pour vous.</p>
<p><strong>3. Expression sans pression : Initiation aquarelle, animée par Sarah de Baets<br />
</strong>Prendre du temps pour soi pendant 2h, se poser, créer, s&rsquo;exprimer, sans contrainte, sans tabous, sans pressions et prendre du temps pour soi, ce temps plaisir finalement.</p>
<p><em>(Les ateliers ne seront malheureusement pas accessibles aux PMR)</em></p>
<ul>
<li>17h-18h – Spectacle de stand-up : avec <strong>Dena</strong>, <strong>Émilie Croon</strong>, <strong>Mélanie Akkari</strong>, <strong>Marine Sergent</strong>, <strong>Lola D’Estienne</strong></li>
<li>18h-20h – Apéro féministe (bulles/softs offerts) en compagnie de <strong>DJ Biscoto</strong></li>
</ul>
<p>La librairie montoise <a href="https://www.librairiescientia.be/">Scientia</a> ainsi que plusieurs stands de différentes associations seront accessibles tout au long de la journée.<br />
L&rsquo;autrice <strong>Caroline Champagne</strong> se fera le plaisir de vous présenter son livre « Le pont de l&rsquo;arc-en-ciel » <a href="https://www.editions-maia.com/livre/le-pont-de-larc-en-ciel-caroline-champagne-9791042508210/">Le Pont de l’arc-en-ciel par Caroline Champagne</a></p>
<p>***</p>
<p><strong>Gratuit, sur inscription <a href="https://docs.google.com/forms/d/1-P3m00fjLp4wQUvlQqp1jLN4eGmRXsLSiTWMekNgIX0/preview">ici </a></strong></p>
<p>&nbsp;</p>

<p>Soralia vous convie à son rassemblement féministe et culturel annuel « À nous la scène ! ». Pour cette 3ème édition, nous aborderons la thématique du temps. Moins de loisirs, de temps pour réfléchir, de temps pour se construire, se politiser. Moins de temps pour prendre sa place dans la  [&#8230;]</p>
