{"id":22864,"date":"2026-01-16T15:14:20","date_gmt":"2026-01-16T14:14:20","guid":{"rendered":"https:\/\/www.soralia.be\/accueil\/?post_type=tribe_events&#038;p=22864"},"modified":"2026-01-16T15:14:20","modified_gmt":"2026-01-16T14:14:20","slug":"cercle-de-parole-et-de-soutien-pour-les-femmes-6","status":"publish","type":"tribe_events","link":"https:\/\/www.soralia.be\/accueil\/event\/cercle-de-parole-et-de-soutien-pour-les-femmes-6\/","title":{"rendered":"Cercle de parole et de soutien pour les Femmes"},"content":{"rendered":"<p><img decoding=\"async\" class=\"alignnone wp-image-20204\" src=\"https:\/\/www.soralia.be\/wp-content\/uploads\/2024\/10\/Groupe-de-parole-femmes-Sororidade-poster-V4-sans-les-dates-212x300.jpg\" alt=\"\" width=\"379\" height=\"536\" srcset=\"https:\/\/www.soralia.be\/wp-content\/uploads\/2024\/10\/Groupe-de-parole-femmes-Sororidade-poster-V4-sans-les-dates-200x283.jpg 200w, https:\/\/www.soralia.be\/wp-content\/uploads\/2024\/10\/Groupe-de-parole-femmes-Sororidade-poster-V4-sans-les-dates-212x300.jpg 212w, https:\/\/www.soralia.be\/wp-content\/uploads\/2024\/10\/Groupe-de-parole-femmes-Sororidade-poster-V4-sans-les-dates-400x565.jpg 400w, https:\/\/www.soralia.be\/wp-content\/uploads\/2024\/10\/Groupe-de-parole-femmes-Sororidade-poster-V4-sans-les-dates-600x848.jpg 600w, https:\/\/www.soralia.be\/wp-content\/uploads\/2024\/10\/Groupe-de-parole-femmes-Sororidade-poster-V4-sans-les-dates-725x1024.jpg 725w, https:\/\/www.soralia.be\/wp-content\/uploads\/2024\/10\/Groupe-de-parole-femmes-Sororidade-poster-V4-sans-les-dates-768x1085.jpg 768w, https:\/\/www.soralia.be\/wp-content\/uploads\/2024\/10\/Groupe-de-parole-femmes-Sororidade-poster-V4-sans-les-dates-800x1130.jpg 800w, https:\/\/www.soralia.be\/wp-content\/uploads\/2024\/10\/Groupe-de-parole-femmes-Sororidade-poster-V4-sans-les-dates-1087x1536.jpg 1087w, https:\/\/www.soralia.be\/wp-content\/uploads\/2024\/10\/Groupe-de-parole-femmes-Sororidade-poster-V4-sans-les-dates-1200x1695.jpg 1200w, https:\/\/www.soralia.be\/wp-content\/uploads\/2024\/10\/Groupe-de-parole-femmes-Sororidade-poster-V4-sans-les-dates-1450x2048.jpg 1450w, https:\/\/www.soralia.be\/wp-content\/uploads\/2024\/10\/Groupe-de-parole-femmes-Sororidade-poster-V4-sans-les-dates.jpg 1757w\" sizes=\"(max-width: 379px) 100vw, 379px\" \/><\/p>\n<p><span data-olk-copy-source=\"MessageBody\">\ud83d\udce3 Les cercles de parole pour les femmes continuent cette ann\u00e9e au Planning Familial Rosa, chaque dernier jeudi du mois (sauf exception). Nous accueillons toujours de nouvelles participantes ! Un moment en toute confidentialit\u00e9 ouvert \u00e0 toutes les femmes et les personnes qui s&rsquo;identifient femmes pour parler de sujets que l&rsquo;on souhaite. Nous vous y accueillerons avec plaisir !\u2764\ufe0f<\/span><\/p>\n<p><span data-olk-copy-source=\"MessageBody\"><em>Quand?<\/em> Le <strong>jeudi 26 f\u00e9vrier 2026<\/strong>\u00a0de <strong>18h <\/strong>\u00e0 <strong>20h <\/strong>(accueil d\u00e8s 17h30)<br \/>\n<em>O\u00f9?<\/em> Planning Familial Rosa &#8211; Rue du Midi, 118\/120 \u00e0 1000 Bruxelles<br \/>\n<em>Combien?<\/em> Activit\u00e9 gratuite<br \/>\n<em>Inscription?<\/em> R\u00e9servation souhait\u00e9e \u00e0 <a title=\"mailto:soralia.bxl@solidaris.be\" href=\"mailto:soralia.bxl@solidaris.be\" data-linkindex=\"3\">soralia.bxl@solidaris.be<\/a><\/span><\/p>\n<div>\n<p>\ud83d\udcc5\u00a0<strong>La\u00a0prochaine\u00a0date\u00a0du cercle est<\/strong>\u00a0:<br \/>\nLe <strong>lun<\/strong><span data-olk-copy-source=\"MessageBody\"><strong>di 30 mars 2026<\/strong><\/span> de 18h \u00e0 20h (accueil d\u00e8s 17h30)<\/p>\n<\/div>\n","protected":false},"excerpt":{"rendered":"<p>\ud83d\udce3 Les cercles de parole pour les femmes continuent cette ann\u00e9e au Planning Familial Rosa, chaque dernier jeudi du mois (sauf exception). Nous accueillons toujours de nouvelles participantes ! Un moment en toute confidentialit\u00e9 ouvert \u00e0 toutes les femmes et les personnes qui s&rsquo;identifient femmes pour parler de sujets que  [&#8230;]<\/p>\n","protected":false},"author":23,"featured_media":1068,"template":"","meta":{"_tribe_events_status":"","_tribe_events_status_reason":"","_tribe_events_is_hybrid":"","_tribe_events_is_virtual":"","_tribe_events_virtual_video_source":"","_tribe_events_virtual_embed_video":"","_tribe_events_virtual_linked_button_text":"","_tribe_events_virtual_linked_button":"","_tribe_events_virtual_show_embed_at":"","_tribe_events_virtual_show_embed_to":[],"_tribe_events_virtual_show_on_event":"","_tribe_events_virtual_show_on_views":"","_tribe_events_virtual_url":"","footnotes":""},"tags":[],"tribe_events_cat":[78,166,86,84,334,49,50,89,200,76,85,88,87],"class_list":["post-22864","tribe_events","type-tribe_events","status-publish","has-post-thumbnail","hentry","tribe_events_cat-bruxelles","tribe_events_cat-culture","tribe_events_cat-citoyennete","tribe_events_cat-egalite-femme-homme","tribe_events_cat-environnement","tribe_events_cat-familles","tribe_events_cat-general","tribe_events_cat-loisirs","tribe_events_cat-parentalite","tribe_events_cat-regional","tribe_events_cat-sante","tribe_events_cat-sexualite","tribe_events_cat-violences","cat_bruxelles","cat_culture","cat_citoyennete","cat_egalite-femme-homme","cat_environnement","cat_familles","cat_general","cat_loisirs","cat_parentalite","cat_regional","cat_sante","cat_sexualite","cat_violences"],"_links":{"self":[{"href":"https:\/\/www.soralia.be\/accueil\/wp-json\/wp\/v2\/tribe_events\/22864","targetHints":{"allow":["GET"]}}],"collection":[{"href":"https:\/\/www.soralia.be\/accueil\/wp-json\/wp\/v2\/tribe_events"}],"about":[{"href":"https:\/\/www.soralia.be\/accueil\/wp-json\/wp\/v2\/types\/tribe_events"}],"author":[{"embeddable":true,"href":"https:\/\/www.soralia.be\/accueil\/wp-json\/wp\/v2\/users\/23"}],"version-history":[{"count":1,"href":"https:\/\/www.soralia.be\/accueil\/wp-json\/wp\/v2\/tribe_events\/22864\/revisions"}],"predecessor-version":[{"id":22865,"href":"https:\/\/www.soralia.be\/accueil\/wp-json\/wp\/v2\/tribe_events\/22864\/revisions\/22865"}],"wp:featuredmedia":[{"embeddable":true,"href":"https:\/\/www.soralia.be\/accueil\/wp-json\/wp\/v2\/media\/1068"}],"wp:attachment":[{"href":"https:\/\/www.soralia.be\/accueil\/wp-json\/wp\/v2\/media?parent=22864"}],"wp:term":[{"taxonomy":"post_tag","embeddable":true,"href":"https:\/\/www.soralia.be\/accueil\/wp-json\/wp\/v2\/tags?post=22864"},{"taxonomy":"tribe_events_cat","embeddable":true,"href":"https:\/\/www.soralia.be\/accueil\/wp-json\/wp\/v2\/tribe_events_cat?post=22864"}],"curies":[{"name":"wp","href":"https:\/\/api.w.org\/{rel}","templated":true}]}}

<p><img decoding="async" class="alignnone wp-image-20204" src="https://www.soralia.be/wp-content/uploads/2024/10/Groupe-de-parole-femmes-Sororidade-poster-V4-sans-les-dates-212x300.jpg" alt="" width="379" height="536" srcset="https://www.soralia.be/wp-content/uploads/2024/10/Groupe-de-parole-femmes-Sororidade-poster-V4-sans-les-dates-200x283.jpg 200w, https://www.soralia.be/wp-content/uploads/2024/10/Groupe-de-parole-femmes-Sororidade-poster-V4-sans-les-dates-212x300.jpg 212w, https://www.soralia.be/wp-content/uploads/2024/10/Groupe-de-parole-femmes-Sororidade-poster-V4-sans-les-dates-400x565.jpg 400w, https://www.soralia.be/wp-content/uploads/2024/10/Groupe-de-parole-femmes-Sororidade-poster-V4-sans-les-dates-600x848.jpg 600w, https://www.soralia.be/wp-content/uploads/2024/10/Groupe-de-parole-femmes-Sororidade-poster-V4-sans-les-dates-725x1024.jpg 725w, https://www.soralia.be/wp-content/uploads/2024/10/Groupe-de-parole-femmes-Sororidade-poster-V4-sans-les-dates-768x1085.jpg 768w, https://www.soralia.be/wp-content/uploads/2024/10/Groupe-de-parole-femmes-Sororidade-poster-V4-sans-les-dates-800x1130.jpg 800w, https://www.soralia.be/wp-content/uploads/2024/10/Groupe-de-parole-femmes-Sororidade-poster-V4-sans-les-dates-1087x1536.jpg 1087w, https://www.soralia.be/wp-content/uploads/2024/10/Groupe-de-parole-femmes-Sororidade-poster-V4-sans-les-dates-1200x1695.jpg 1200w, https://www.soralia.be/wp-content/uploads/2024/10/Groupe-de-parole-femmes-Sororidade-poster-V4-sans-les-dates-1450x2048.jpg 1450w, https://www.soralia.be/wp-content/uploads/2024/10/Groupe-de-parole-femmes-Sororidade-poster-V4-sans-les-dates.jpg 1757w" sizes="(max-width: 379px) 100vw, 379px" /></p>
<p><span data-olk-copy-source="MessageBody">📣 Les cercles de parole pour les femmes continuent cette année au Planning Familial Rosa, chaque dernier jeudi du mois (sauf exception). Nous accueillons toujours de nouvelles participantes ! Un moment en toute confidentialité ouvert à toutes les femmes et les personnes qui s&rsquo;identifient femmes pour parler de sujets que l&rsquo;on souhaite. Nous vous y accueillerons avec plaisir !❤️</span></p>
<p><span data-olk-copy-source="MessageBody"><em>Quand?</em> Le <strong>jeudi 26 février 2026</strong> de <strong>18h </strong>à <strong>20h </strong>(accueil dès 17h30)<br />
<em>Où?</em> Planning Familial Rosa &#8211; Rue du Midi, 118/120 à 1000 Bruxelles<br />
<em>Combien?</em> Activité gratuite<br />
<em>Inscription?</em> Réservation souhaitée à <a title="mailto:soralia.bxl@solidaris.be" href="mailto:soralia.bxl@solidaris.be" data-linkindex="3">soralia.bxl@solidaris.be</a></span></p>
<div>
<p>📅 <strong>La prochaine date du cercle est</strong> :<br />
Le <strong>lun</strong><span data-olk-copy-source="MessageBody"><strong>di 30 mars 2026</strong></span> de 18h à 20h (accueil dès 17h30)</p>
</div>

<p>📣 Les cercles de parole pour les femmes continuent cette année au Planning Familial Rosa, chaque dernier jeudi du mois (sauf exception). Nous accueillons toujours de nouvelles participantes ! Un moment en toute confidentialité ouvert à toutes les femmes et les personnes qui s&rsquo;identifient femmes pour parler de sujets que  [&#8230;]</p>
