{"id":22884,"date":"2026-01-21T09:26:25","date_gmt":"2026-01-21T08:26:25","guid":{"rendered":"https:\/\/www.soralia.be\/accueil\/?post_type=tribe_events&#038;p=22884"},"modified":"2026-01-21T09:26:25","modified_gmt":"2026-01-21T08:26:25","slug":"crea-terre-mouscron","status":"publish","type":"tribe_events","link":"https:\/\/www.soralia.be\/accueil\/event\/crea-terre-mouscron\/","title":{"rendered":"\u00ab Cr\u00e9a Terre \u00bb &#8211; Mouscron"},"content":{"rendered":"<p><strong>\u00ab Cr\u00e9a Terre \u00bb dans le cadre de la journ\u00e9e mondiale de la terre<\/strong><\/p>\n<p>Atelier cr\u00e9atif pour donner une seconde vie aux objets pour transformer, inventer et r\u00e9imaginer ce que vous avez sous la main.<br \/>\nUn moment convivial pour apprendre, partager \u00e0 notre mani\u00e8re.<\/p>\n<p><strong>Quand ?<\/strong> Le mardi 21 avril 2026 de 13h \u00e0 16h<\/p>\n<p><strong>O\u00f9 ?<\/strong> Maison de la Transition de Mouscron<br \/>\nP\u00f4le El\u00e9a &#8211; rue du Blanc Pignon 33 \u00e0 Mouscron<\/p>\n<p><strong>Infos ?<\/strong> <a href=\"mailto:daphne.meersman@solidaris.be\">daphne.meersman@solidaris.be <\/a>ou <a href=\"mailto:samira.bouguerra@solidaris.be\">samira.bouguerra@solidaris.be<\/a><\/p>\n<p><strong>Inscriptions ?<\/strong> Soralia WAPI 068\/84 84 98<br \/>\nou <a href=\"mailto:soralia.mwp@solidaris.be\">soralia.mwp@solidaris.be<\/a><\/p>\n<p>&nbsp;<\/p>\n<p><img decoding=\"async\" class=\"aligncenter wp-image-22879 \" src=\"https:\/\/www.soralia.be\/wp-content\/uploads\/2026\/01\/Cafe-sans-filtre-Maison-de-la-transition-a-Mscr-A3.jpg\" alt=\"\" width=\"1114\" height=\"1575\" srcset=\"https:\/\/www.soralia.be\/wp-content\/uploads\/2026\/01\/Cafe-sans-filtre-Maison-de-la-transition-a-Mscr-A3-200x283.jpg 200w, https:\/\/www.soralia.be\/wp-content\/uploads\/2026\/01\/Cafe-sans-filtre-Maison-de-la-transition-a-Mscr-A3-212x300.jpg 212w, https:\/\/www.soralia.be\/wp-content\/uploads\/2026\/01\/Cafe-sans-filtre-Maison-de-la-transition-a-Mscr-A3-400x566.jpg 400w, https:\/\/www.soralia.be\/wp-content\/uploads\/2026\/01\/Cafe-sans-filtre-Maison-de-la-transition-a-Mscr-A3-500x707.jpg 500w, https:\/\/www.soralia.be\/wp-content\/uploads\/2026\/01\/Cafe-sans-filtre-Maison-de-la-transition-a-Mscr-A3-600x848.jpg 600w, https:\/\/www.soralia.be\/wp-content\/uploads\/2026\/01\/Cafe-sans-filtre-Maison-de-la-transition-a-Mscr-A3-700x990.jpg 700w, https:\/\/www.soralia.be\/wp-content\/uploads\/2026\/01\/Cafe-sans-filtre-Maison-de-la-transition-a-Mscr-A3-724x1024.jpg 724w, https:\/\/www.soralia.be\/wp-content\/uploads\/2026\/01\/Cafe-sans-filtre-Maison-de-la-transition-a-Mscr-A3-768x1086.jpg 768w, https:\/\/www.soralia.be\/wp-content\/uploads\/2026\/01\/Cafe-sans-filtre-Maison-de-la-transition-a-Mscr-A3-800x1131.jpg 800w, https:\/\/www.soralia.be\/wp-content\/uploads\/2026\/01\/Cafe-sans-filtre-Maison-de-la-transition-a-Mscr-A3-1086x1536.jpg 1086w, https:\/\/www.soralia.be\/wp-content\/uploads\/2026\/01\/Cafe-sans-filtre-Maison-de-la-transition-a-Mscr-A3-1200x1697.jpg 1200w, https:\/\/www.soralia.be\/wp-content\/uploads\/2026\/01\/Cafe-sans-filtre-Maison-de-la-transition-a-Mscr-A3-1448x2048.jpg 1448w, https:\/\/www.soralia.be\/wp-content\/uploads\/2026\/01\/Cafe-sans-filtre-Maison-de-la-transition-a-Mscr-A3.jpg 1754w\" sizes=\"(max-width: 1114px) 100vw, 1114px\" \/><\/p>\n<p>&nbsp;<\/p>\n","protected":false},"excerpt":{"rendered":"<p>\u00ab Cr\u00e9a Terre \u00bb dans le cadre de la journ\u00e9e mondiale de la terre Atelier cr\u00e9atif pour donner une seconde vie aux objets pour transformer, inventer et r\u00e9imaginer ce que vous avez sous la main. Un moment convivial pour apprendre, partager \u00e0 notre mani\u00e8re. Quand ? Le mardi 21 avril  [&#8230;]<\/p>\n","protected":false},"author":19,"featured_media":1066,"template":"","meta":{"_tribe_events_status":"","_tribe_events_status_reason":"","_tribe_events_is_hybrid":"","_tribe_events_is_virtual":"","_tribe_events_virtual_video_source":"","_tribe_events_virtual_embed_video":"","_tribe_events_virtual_linked_button_text":"","_tribe_events_virtual_linked_button":"","_tribe_events_virtual_show_embed_at":"","_tribe_events_virtual_show_embed_to":[],"_tribe_events_virtual_show_on_event":"","_tribe_events_virtual_show_on_views":"","_tribe_events_virtual_url":"","footnotes":""},"tags":[],"tribe_events_cat":[86,334,82],"class_list":["post-22884","tribe_events","type-tribe_events","status-publish","has-post-thumbnail","hentry","tribe_events_cat-citoyennete","tribe_events_cat-environnement","tribe_events_cat-wallonie-picarde","cat_citoyennete","cat_environnement","cat_wallonie-picarde"],"_links":{"self":[{"href":"https:\/\/www.soralia.be\/accueil\/wp-json\/wp\/v2\/tribe_events\/22884","targetHints":{"allow":["GET"]}}],"collection":[{"href":"https:\/\/www.soralia.be\/accueil\/wp-json\/wp\/v2\/tribe_events"}],"about":[{"href":"https:\/\/www.soralia.be\/accueil\/wp-json\/wp\/v2\/types\/tribe_events"}],"author":[{"embeddable":true,"href":"https:\/\/www.soralia.be\/accueil\/wp-json\/wp\/v2\/users\/19"}],"version-history":[{"count":1,"href":"https:\/\/www.soralia.be\/accueil\/wp-json\/wp\/v2\/tribe_events\/22884\/revisions"}],"predecessor-version":[{"id":22885,"href":"https:\/\/www.soralia.be\/accueil\/wp-json\/wp\/v2\/tribe_events\/22884\/revisions\/22885"}],"wp:featuredmedia":[{"embeddable":true,"href":"https:\/\/www.soralia.be\/accueil\/wp-json\/wp\/v2\/media\/1066"}],"wp:attachment":[{"href":"https:\/\/www.soralia.be\/accueil\/wp-json\/wp\/v2\/media?parent=22884"}],"wp:term":[{"taxonomy":"post_tag","embeddable":true,"href":"https:\/\/www.soralia.be\/accueil\/wp-json\/wp\/v2\/tags?post=22884"},{"taxonomy":"tribe_events_cat","embeddable":true,"href":"https:\/\/www.soralia.be\/accueil\/wp-json\/wp\/v2\/tribe_events_cat?post=22884"}],"curies":[{"name":"wp","href":"https:\/\/api.w.org\/{rel}","templated":true}]}}

« Créa Terre » &#8211; Mouscron

<p><strong>« Créa Terre » dans le cadre de la journée mondiale de la terre</strong></p>
<p>Atelier créatif pour donner une seconde vie aux objets pour transformer, inventer et réimaginer ce que vous avez sous la main.<br />
Un moment convivial pour apprendre, partager à notre manière.</p>
<p><strong>Quand ?</strong> Le mardi 21 avril 2026 de 13h à 16h</p>
<p><strong>Où ?</strong> Maison de la Transition de Mouscron<br />
Pôle Eléa &#8211; rue du Blanc Pignon 33 à Mouscron</p>
<p><strong>Infos ?</strong> <a href="mailto:daphne.meersman@solidaris.be">daphne.meersman@solidaris.be </a>ou <a href="mailto:samira.bouguerra@solidaris.be">samira.bouguerra@solidaris.be</a></p>
<p><strong>Inscriptions ?</strong> Soralia WAPI 068/84 84 98<br />
ou <a href="mailto:soralia.mwp@solidaris.be">soralia.mwp@solidaris.be</a></p>
<p>&nbsp;</p>
<p><img decoding="async" class="aligncenter wp-image-22879 " src="https://www.soralia.be/wp-content/uploads/2026/01/Cafe-sans-filtre-Maison-de-la-transition-a-Mscr-A3.jpg" alt="" width="1114" height="1575" srcset="https://www.soralia.be/wp-content/uploads/2026/01/Cafe-sans-filtre-Maison-de-la-transition-a-Mscr-A3-200x283.jpg 200w, https://www.soralia.be/wp-content/uploads/2026/01/Cafe-sans-filtre-Maison-de-la-transition-a-Mscr-A3-212x300.jpg 212w, https://www.soralia.be/wp-content/uploads/2026/01/Cafe-sans-filtre-Maison-de-la-transition-a-Mscr-A3-400x566.jpg 400w, https://www.soralia.be/wp-content/uploads/2026/01/Cafe-sans-filtre-Maison-de-la-transition-a-Mscr-A3-500x707.jpg 500w, https://www.soralia.be/wp-content/uploads/2026/01/Cafe-sans-filtre-Maison-de-la-transition-a-Mscr-A3-600x848.jpg 600w, https://www.soralia.be/wp-content/uploads/2026/01/Cafe-sans-filtre-Maison-de-la-transition-a-Mscr-A3-700x990.jpg 700w, https://www.soralia.be/wp-content/uploads/2026/01/Cafe-sans-filtre-Maison-de-la-transition-a-Mscr-A3-724x1024.jpg 724w, https://www.soralia.be/wp-content/uploads/2026/01/Cafe-sans-filtre-Maison-de-la-transition-a-Mscr-A3-768x1086.jpg 768w, https://www.soralia.be/wp-content/uploads/2026/01/Cafe-sans-filtre-Maison-de-la-transition-a-Mscr-A3-800x1131.jpg 800w, https://www.soralia.be/wp-content/uploads/2026/01/Cafe-sans-filtre-Maison-de-la-transition-a-Mscr-A3-1086x1536.jpg 1086w, https://www.soralia.be/wp-content/uploads/2026/01/Cafe-sans-filtre-Maison-de-la-transition-a-Mscr-A3-1200x1697.jpg 1200w, https://www.soralia.be/wp-content/uploads/2026/01/Cafe-sans-filtre-Maison-de-la-transition-a-Mscr-A3-1448x2048.jpg 1448w, https://www.soralia.be/wp-content/uploads/2026/01/Cafe-sans-filtre-Maison-de-la-transition-a-Mscr-A3.jpg 1754w" sizes="(max-width: 1114px) 100vw, 1114px" /></p>
<p>&nbsp;</p>

<p>« Créa Terre » dans le cadre de la journée mondiale de la terre Atelier créatif pour donner une seconde vie aux objets pour transformer, inventer et réimaginer ce que vous avez sous la main. Un moment convivial pour apprendre, partager à notre manière. Quand ? Le mardi 21 avril  [&#8230;]</p>
