{"id":23149,"date":"2026-02-12T11:23:43","date_gmt":"2026-02-12T10:23:43","guid":{"rendered":"https:\/\/www.soralia.be\/accueil\/?post_type=tribe_events&#038;p=23149"},"modified":"2026-02-12T11:23:43","modified_gmt":"2026-02-12T10:23:43","slug":"exposition-apres-le-feminicide-recits-de-celles-qui-restent-a-nivelles","status":"publish","type":"tribe_events","link":"https:\/\/www.soralia.be\/accueil\/event\/exposition-apres-le-feminicide-recits-de-celles-qui-restent-a-nivelles\/","title":{"rendered":"Exposition &#8211; \u201cApr\u00e8s le f\u00e9minicide, r\u00e9cits de celles qui restent\u201d \u00e0 Nivelles"},"content":{"rendered":"<h1>Festival de lutte pour les droits des femmes<\/h1>\n<hr \/>\n<p>Chaque mois de mars, les associations s\u2019unissent pour proposer projections, d\u00e9bats et activit\u00e9s autour de la condition des femmes, afin de sensibiliser et faire \u00e9voluer les mentalit\u00e9s. Un ensemble d\u2019\u00e9v\u00e9nements qui informe aussi sur les actions men\u00e9es localement gr\u00e2ce \u00e0 des stands et \u00e9changes.<\/p>\n<p>Notre objectif est le m\u00eame depuis toutes ces ann\u00e9es :\u00a0<strong>installer la parit\u00e9 \u00e0 tous les niveaux et dans tous les domaines, de fa\u00e7on naturelle, sans quota, sans obligation mais en reconnaissant la n\u00e9cessit\u00e9 d\u2019une soci\u00e9t\u00e9 juste et \u00e9galitaire o\u00f9 la place de la femme est reconnue par toutes et tous.<\/strong><\/p>\n<p>Exposition &#8211; Soralia<br \/>\n<strong><strong>\u201cApr\u00e8s le f\u00e9minicide, r\u00e9cits de celles qui restent\u201d<\/strong><\/strong><\/p>\n<p><strong><strong><br \/>\n<\/strong><\/strong><em>\u00ab\u00a0Je m\u2019appelle Eve-Anne Henskens et je suis photographe. Le 19 septembre 2022, mon papa a \u00e9t\u00e9 tu\u00e9 aux c\u00f4t\u00e9s de Delphine, sa compagne, par l\u2019ex de celle-ci. L\u2019auteur s\u2019est ensuite suicid\u00e9. D\u00e8s les premiers instants, je n\u2019avais qu\u2019une certitude : nos proches ont \u00e9t\u00e9 tu\u00e9s dans un f\u00e9minicide, et l\u2019onde de choc est immense. Au total, 5 enfants ont perdu leur parent, dont j\u2019\u00e9tais l\u2019ain\u00e9e \u00e0 26 ans. J\u2019ai cherch\u00e9 l\u2019apaisement en rencontrant des personnes qui ont connu le m\u00eame deuil. Des femmes qui survivent au f\u00e9minicide de leur m\u00e8re, leur fille, leur s\u0153ur, leur amie, ou d\u2019elles-m\u00eames. J\u2019ai voulu en pr\u00e9senter des portraits dignes, \u00e0 travers le m\u00e9dium photographique. Des portraits plus complexes que ce que les m\u00e9dias pr\u00e9sentent. Plus personnels que les d\u00e9cisions de justice. Plus humains que la rumeur.\u00a0\u00bb<\/em><\/p>\n<p><strong>Cette exposition forte sur les f\u00e9minicides vous est propos\u00e9e par Eve-Anne HKS et programm\u00e9e par Soralia.<\/strong><\/p>\n<p>Soralia proposera des visites guid\u00e9es, \u00e0 des plages horaires d\u00e9finies<\/p>\n<p><strong><br \/>\n<\/strong><strong>\ud83d\udcc5<\/strong><strong>\u00a0Date<\/strong>\u00a0: Du mercredi 4 au mardi 17 mars<br \/>\n\ud83d\udd52\u00a0<strong>Heure<\/strong>\u00a0: De 7h30 \u00e0 9h30<br \/>\n\ud83d\udccd\u00a0<strong>O\u00f9\u00a0:<\/strong>\u00a0Centre culturel de Nivelles \u2013 Salle des f\u00eates<\/p>\n<p><strong>Inscription :<\/strong>\u00a0<a href=\"https:\/\/forms.office.com\/e\/vEXC1mihYU\">https:\/\/forms.office.com\/e\/vEXC1mihYU<\/a><\/p>\n<p><img decoding=\"async\" class=\"alignnone wp-image-23150 size-full\" src=\"https:\/\/www.soralia.be\/wp-content\/uploads\/2026\/02\/Aswal-Event-expo-festivelles-scaled.jpg\" alt=\"\" width=\"2560\" height=\"960\" srcset=\"https:\/\/www.soralia.be\/wp-content\/uploads\/2026\/02\/Aswal-Event-expo-festivelles-200x75.jpg 200w, https:\/\/www.soralia.be\/wp-content\/uploads\/2026\/02\/Aswal-Event-expo-festivelles-300x113.jpg 300w, https:\/\/www.soralia.be\/wp-content\/uploads\/2026\/02\/Aswal-Event-expo-festivelles-400x150.jpg 400w, https:\/\/www.soralia.be\/wp-content\/uploads\/2026\/02\/Aswal-Event-expo-festivelles-500x188.jpg 500w, https:\/\/www.soralia.be\/wp-content\/uploads\/2026\/02\/Aswal-Event-expo-festivelles-600x225.jpg 600w, https:\/\/www.soralia.be\/wp-content\/uploads\/2026\/02\/Aswal-Event-expo-festivelles-700x263.jpg 700w, https:\/\/www.soralia.be\/wp-content\/uploads\/2026\/02\/Aswal-Event-expo-festivelles-768x288.jpg 768w, https:\/\/www.soralia.be\/wp-content\/uploads\/2026\/02\/Aswal-Event-expo-festivelles-800x300.jpg 800w, https:\/\/www.soralia.be\/wp-content\/uploads\/2026\/02\/Aswal-Event-expo-festivelles-1024x384.jpg 1024w, https:\/\/www.soralia.be\/wp-content\/uploads\/2026\/02\/Aswal-Event-expo-festivelles-1200x450.jpg 1200w, https:\/\/www.soralia.be\/wp-content\/uploads\/2026\/02\/Aswal-Event-expo-festivelles-1536x576.jpg 1536w, https:\/\/www.soralia.be\/wp-content\/uploads\/2026\/02\/Aswal-Event-expo-festivelles-scaled.jpg 2560w\" sizes=\"(max-width: 2560px) 100vw, 2560px\" \/><\/p>\n<hr \/>\n<h2>Modalit\u00e9s<\/h2>\n<p><strong>Public<\/strong> : D\u00e8s 16 ans<\/p>\n<p><strong>Lieu<\/strong> : Centre culturel de Nivelles &#8211; Salle des f\u00eates : Pl. Albert Ier 1, 1400 Nivelles<\/p>\n<p><strong>Date<\/strong> : Du 4 au 17 mars<\/p>\n<p><strong>Prix<\/strong>\u00a0: Gratuit<\/p>\n<hr \/>\n<h2>Inscription<\/h2>\n<p>1\/ Inscrivez vous en <a href=\"https:\/\/forms.office.com\/e\/vEXC1mihYU\" target=\"_blank\" rel=\"noopener\">cliquant sur ce lien<\/a><\/p>\n","protected":false},"excerpt":{"rendered":"<p>D\u00e8s 16 ans<\/p>\n","protected":false},"author":29,"featured_media":1073,"template":"","meta":{"_tribe_events_status":"","_tribe_events_status_reason":"","_tribe_events_is_hybrid":"","_tribe_events_is_virtual":"","_tribe_events_virtual_video_source":"","_tribe_events_virtual_embed_video":"","_tribe_events_virtual_linked_button_text":"","_tribe_events_virtual_linked_button":"","_tribe_events_virtual_show_embed_at":"","_tribe_events_virtual_show_embed_to":[],"_tribe_events_virtual_show_on_event":"","_tribe_events_virtual_show_on_views":"","_tribe_events_virtual_url":"","footnotes":""},"tags":[],"tribe_events_cat":[123,166,84],"class_list":["post-23149","tribe_events","type-tribe_events","status-publish","has-post-thumbnail","hentry","tribe_events_cat-brabant-wallon","tribe_events_cat-culture","tribe_events_cat-egalite-femme-homme","cat_brabant-wallon","cat_culture","cat_egalite-femme-homme"],"_links":{"self":[{"href":"https:\/\/www.soralia.be\/accueil\/wp-json\/wp\/v2\/tribe_events\/23149","targetHints":{"allow":["GET"]}}],"collection":[{"href":"https:\/\/www.soralia.be\/accueil\/wp-json\/wp\/v2\/tribe_events"}],"about":[{"href":"https:\/\/www.soralia.be\/accueil\/wp-json\/wp\/v2\/types\/tribe_events"}],"author":[{"embeddable":true,"href":"https:\/\/www.soralia.be\/accueil\/wp-json\/wp\/v2\/users\/29"}],"version-history":[{"count":1,"href":"https:\/\/www.soralia.be\/accueil\/wp-json\/wp\/v2\/tribe_events\/23149\/revisions"}],"predecessor-version":[{"id":23151,"href":"https:\/\/www.soralia.be\/accueil\/wp-json\/wp\/v2\/tribe_events\/23149\/revisions\/23151"}],"wp:featuredmedia":[{"embeddable":true,"href":"https:\/\/www.soralia.be\/accueil\/wp-json\/wp\/v2\/media\/1073"}],"wp:attachment":[{"href":"https:\/\/www.soralia.be\/accueil\/wp-json\/wp\/v2\/media?parent=23149"}],"wp:term":[{"taxonomy":"post_tag","embeddable":true,"href":"https:\/\/www.soralia.be\/accueil\/wp-json\/wp\/v2\/tags?post=23149"},{"taxonomy":"tribe_events_cat","embeddable":true,"href":"https:\/\/www.soralia.be\/accueil\/wp-json\/wp\/v2\/tribe_events_cat?post=23149"}],"curies":[{"name":"wp","href":"https:\/\/api.w.org\/{rel}","templated":true}]}}

Exposition &#8211; “Après le féminicide, récits de celles qui restent” à Nivelles

<h1>Festival de lutte pour les droits des femmes</h1>
<hr />
<p>Chaque mois de mars, les associations s’unissent pour proposer projections, débats et activités autour de la condition des femmes, afin de sensibiliser et faire évoluer les mentalités. Un ensemble d’événements qui informe aussi sur les actions menées localement grâce à des stands et échanges.</p>
<p>Notre objectif est le même depuis toutes ces années : <strong>installer la parité à tous les niveaux et dans tous les domaines, de façon naturelle, sans quota, sans obligation mais en reconnaissant la nécessité d’une société juste et égalitaire où la place de la femme est reconnue par toutes et tous.</strong></p>
<p>Exposition &#8211; Soralia<br />
<strong><strong>“Après le féminicide, récits de celles qui restent”</strong></strong></p>
<p><strong><strong><br />
</strong></strong><em>« Je m’appelle Eve-Anne Henskens et je suis photographe. Le 19 septembre 2022, mon papa a été tué aux côtés de Delphine, sa compagne, par l’ex de celle-ci. L’auteur s’est ensuite suicidé. Dès les premiers instants, je n’avais qu’une certitude : nos proches ont été tués dans un féminicide, et l’onde de choc est immense. Au total, 5 enfants ont perdu leur parent, dont j’étais l’ainée à 26 ans. J’ai cherché l’apaisement en rencontrant des personnes qui ont connu le même deuil. Des femmes qui survivent au féminicide de leur mère, leur fille, leur sœur, leur amie, ou d’elles-mêmes. J’ai voulu en présenter des portraits dignes, à travers le médium photographique. Des portraits plus complexes que ce que les médias présentent. Plus personnels que les décisions de justice. Plus humains que la rumeur. »</em></p>
<p><strong>Cette exposition forte sur les féminicides vous est proposée par Eve-Anne HKS et programmée par Soralia.</strong></p>
<p>Soralia proposera des visites guidées, à des plages horaires définies</p>
<p><strong><br />
</strong><strong>📅</strong><strong> Date</strong> : Du mercredi 4 au mardi 17 mars<br />
🕒 <strong>Heure</strong> : De 7h30 à 9h30<br />
📍 <strong>Où :</strong> Centre culturel de Nivelles – Salle des fêtes</p>
<p><strong>Inscription :</strong> <a href="https://forms.office.com/e/vEXC1mihYU">https://forms.office.com/e/vEXC1mihYU</a></p>
<p><img decoding="async" class="alignnone wp-image-23150 size-full" src="https://www.soralia.be/wp-content/uploads/2026/02/Aswal-Event-expo-festivelles-scaled.jpg" alt="" width="2560" height="960" srcset="https://www.soralia.be/wp-content/uploads/2026/02/Aswal-Event-expo-festivelles-200x75.jpg 200w, https://www.soralia.be/wp-content/uploads/2026/02/Aswal-Event-expo-festivelles-300x113.jpg 300w, https://www.soralia.be/wp-content/uploads/2026/02/Aswal-Event-expo-festivelles-400x150.jpg 400w, https://www.soralia.be/wp-content/uploads/2026/02/Aswal-Event-expo-festivelles-500x188.jpg 500w, https://www.soralia.be/wp-content/uploads/2026/02/Aswal-Event-expo-festivelles-600x225.jpg 600w, https://www.soralia.be/wp-content/uploads/2026/02/Aswal-Event-expo-festivelles-700x263.jpg 700w, https://www.soralia.be/wp-content/uploads/2026/02/Aswal-Event-expo-festivelles-768x288.jpg 768w, https://www.soralia.be/wp-content/uploads/2026/02/Aswal-Event-expo-festivelles-800x300.jpg 800w, https://www.soralia.be/wp-content/uploads/2026/02/Aswal-Event-expo-festivelles-1024x384.jpg 1024w, https://www.soralia.be/wp-content/uploads/2026/02/Aswal-Event-expo-festivelles-1200x450.jpg 1200w, https://www.soralia.be/wp-content/uploads/2026/02/Aswal-Event-expo-festivelles-1536x576.jpg 1536w, https://www.soralia.be/wp-content/uploads/2026/02/Aswal-Event-expo-festivelles-scaled.jpg 2560w" sizes="(max-width: 2560px) 100vw, 2560px" /></p>
<hr />
<h2>Modalités</h2>
<p><strong>Public</strong> : Dès 16 ans</p>
<p><strong>Lieu</strong> : Centre culturel de Nivelles &#8211; Salle des fêtes : Pl. Albert Ier 1, 1400 Nivelles</p>
<p><strong>Date</strong> : Du 4 au 17 mars</p>
<p><strong>Prix</strong> : Gratuit</p>
<hr />
<h2>Inscription</h2>
<p>1/ Inscrivez vous en <a href="https://forms.office.com/e/vEXC1mihYU" target="_blank" rel="noopener">cliquant sur ce lien</a></p>

<p>Dès 16 ans</p>
