{"id":23310,"date":"2026-02-20T14:18:49","date_gmt":"2026-02-20T13:18:49","guid":{"rendered":"https:\/\/www.soralia.be\/accueil\/?post_type=tribe_events&#038;p=23310"},"modified":"2026-03-04T14:34:10","modified_gmt":"2026-03-04T13:34:10","slug":"8-mars-atelier-creation-de-pancartes-chants-flashmob","status":"publish","type":"tribe_events","link":"https:\/\/www.soralia.be\/accueil\/event\/8-mars-atelier-creation-de-pancartes-chants-flashmob\/","title":{"rendered":"8 Mars &#8211; Atelier cr\u00e9ation de pancartes + chants\/flashmob"},"content":{"rendered":"<p><img decoding=\"async\" class=\"alignnone wp-image-23311\" src=\"https:\/\/www.soralia.be\/wp-content\/uploads\/2026\/02\/8mars-poster-300x135.jpg\" alt=\"\" width=\"704\" height=\"317\" srcset=\"https:\/\/www.soralia.be\/wp-content\/uploads\/2026\/02\/8mars-poster-200x90.jpg 200w, https:\/\/www.soralia.be\/wp-content\/uploads\/2026\/02\/8mars-poster-300x135.jpg 300w, https:\/\/www.soralia.be\/wp-content\/uploads\/2026\/02\/8mars-poster-400x180.jpg 400w, https:\/\/www.soralia.be\/wp-content\/uploads\/2026\/02\/8mars-poster-500x225.jpg 500w, https:\/\/www.soralia.be\/wp-content\/uploads\/2026\/02\/8mars-poster-600x270.jpg 600w, https:\/\/www.soralia.be\/wp-content\/uploads\/2026\/02\/8mars-poster-700x315.jpg 700w, https:\/\/www.soralia.be\/wp-content\/uploads\/2026\/02\/8mars-poster-768x346.jpg 768w, https:\/\/www.soralia.be\/wp-content\/uploads\/2026\/02\/8mars-poster-800x360.jpg 800w, https:\/\/www.soralia.be\/wp-content\/uploads\/2026\/02\/8mars-poster-1024x461.jpg 1024w, https:\/\/www.soralia.be\/wp-content\/uploads\/2026\/02\/8mars-poster-1200x540.jpg 1200w, https:\/\/www.soralia.be\/wp-content\/uploads\/2026\/02\/8mars-poster-1536x691.jpg 1536w\" sizes=\"(max-width: 704px) 100vw, 704px\" \/><br \/>\nDans le cadre des activit\u00e9s autour du 8 mars (<span data-wiz-uids=\"WLYUbc_a\">Journ\u00e9e internationale des droits des femmes),<\/span> le comit\u00e9 Soralia Ixelles vous invite \u00e0 un atelier de cr\u00e9ation de pancartes, affiches et de chants\/flashmob.<br \/>\n<span data-olk-copy-source=\"MessageBody\">Un atelier propos\u00e9 par le Comit\u00e9 Soralia d&rsquo;Ixelles.<\/span><\/p>\n<div class=\"x_elementToProof\">Quand? Le <strong>vendredi 6 mars 2026 <\/strong>de<strong> 14h <\/strong>\u00e0<strong> 18h<\/strong><br \/>\nO\u00f9? Espace Henri De Kerkheer &#8211; Chauss\u00e9e de Vleurgat 23 \u00e0 1050 Ixelles<br \/>\nPrix? Activit\u00e9 gratuite (le mat\u00e9riel vous sera fourni)Venez nous soutenir nombreux.ses ! \u270a\ud83c\udffc\u270a\ud83c\udffd\u270a\ud83c\udfff<span data-olk-copy-source=\"MessageBody\">\u2640\ufe0f<\/span>\ud83d\udd25<\/p>\n<\/div>\n","protected":false},"excerpt":{"rendered":"<p>Dans le cadre des activit\u00e9s autour du 8 mars (Journ\u00e9e internationale des droits des femmes), le comit\u00e9 Soralia Ixelles vous invite \u00e0 un atelier de cr\u00e9ation de pancartes, affiches et de chants\/flashmob. Un atelier propos\u00e9 par le Comit\u00e9 Soralia d&rsquo;Ixelles. Quand? Le vendredi 6 mars 2026 de 14h \u00e0 18h  [&#8230;]<\/p>\n","protected":false},"author":23,"featured_media":1073,"template":"","meta":{"_tribe_events_status":"","_tribe_events_status_reason":"","_tribe_events_is_hybrid":"","_tribe_events_is_virtual":"","_tribe_events_virtual_video_source":"","_tribe_events_virtual_embed_video":"","_tribe_events_virtual_linked_button_text":"","_tribe_events_virtual_linked_button":"","_tribe_events_virtual_show_embed_at":"","_tribe_events_virtual_show_embed_to":[],"_tribe_events_virtual_show_on_event":"","_tribe_events_virtual_show_on_views":"","_tribe_events_virtual_url":"","footnotes":""},"tags":[],"tribe_events_cat":[78,86,84,50],"class_list":["post-23310","tribe_events","type-tribe_events","status-publish","has-post-thumbnail","hentry","tribe_events_cat-bruxelles","tribe_events_cat-citoyennete","tribe_events_cat-egalite-femme-homme","tribe_events_cat-general","cat_bruxelles","cat_citoyennete","cat_egalite-femme-homme","cat_general"],"_links":{"self":[{"href":"https:\/\/www.soralia.be\/accueil\/wp-json\/wp\/v2\/tribe_events\/23310","targetHints":{"allow":["GET"]}}],"collection":[{"href":"https:\/\/www.soralia.be\/accueil\/wp-json\/wp\/v2\/tribe_events"}],"about":[{"href":"https:\/\/www.soralia.be\/accueil\/wp-json\/wp\/v2\/types\/tribe_events"}],"author":[{"embeddable":true,"href":"https:\/\/www.soralia.be\/accueil\/wp-json\/wp\/v2\/users\/23"}],"version-history":[{"count":2,"href":"https:\/\/www.soralia.be\/accueil\/wp-json\/wp\/v2\/tribe_events\/23310\/revisions"}],"predecessor-version":[{"id":23375,"href":"https:\/\/www.soralia.be\/accueil\/wp-json\/wp\/v2\/tribe_events\/23310\/revisions\/23375"}],"wp:featuredmedia":[{"embeddable":true,"href":"https:\/\/www.soralia.be\/accueil\/wp-json\/wp\/v2\/media\/1073"}],"wp:attachment":[{"href":"https:\/\/www.soralia.be\/accueil\/wp-json\/wp\/v2\/media?parent=23310"}],"wp:term":[{"taxonomy":"post_tag","embeddable":true,"href":"https:\/\/www.soralia.be\/accueil\/wp-json\/wp\/v2\/tags?post=23310"},{"taxonomy":"tribe_events_cat","embeddable":true,"href":"https:\/\/www.soralia.be\/accueil\/wp-json\/wp\/v2\/tribe_events_cat?post=23310"}],"curies":[{"name":"wp","href":"https:\/\/api.w.org\/{rel}","templated":true}]}}

8 Mars &#8211; Atelier création de pancartes + chants/flashmob

<p><img decoding="async" class="alignnone wp-image-23311" src="https://www.soralia.be/wp-content/uploads/2026/02/8mars-poster-300x135.jpg" alt="" width="704" height="317" srcset="https://www.soralia.be/wp-content/uploads/2026/02/8mars-poster-200x90.jpg 200w, https://www.soralia.be/wp-content/uploads/2026/02/8mars-poster-300x135.jpg 300w, https://www.soralia.be/wp-content/uploads/2026/02/8mars-poster-400x180.jpg 400w, https://www.soralia.be/wp-content/uploads/2026/02/8mars-poster-500x225.jpg 500w, https://www.soralia.be/wp-content/uploads/2026/02/8mars-poster-600x270.jpg 600w, https://www.soralia.be/wp-content/uploads/2026/02/8mars-poster-700x315.jpg 700w, https://www.soralia.be/wp-content/uploads/2026/02/8mars-poster-768x346.jpg 768w, https://www.soralia.be/wp-content/uploads/2026/02/8mars-poster-800x360.jpg 800w, https://www.soralia.be/wp-content/uploads/2026/02/8mars-poster-1024x461.jpg 1024w, https://www.soralia.be/wp-content/uploads/2026/02/8mars-poster-1200x540.jpg 1200w, https://www.soralia.be/wp-content/uploads/2026/02/8mars-poster-1536x691.jpg 1536w" sizes="(max-width: 704px) 100vw, 704px" /><br />
Dans le cadre des activités autour du 8 mars (<span data-wiz-uids="WLYUbc_a">Journée internationale des droits des femmes),</span> le comité Soralia Ixelles vous invite à un atelier de création de pancartes, affiches et de chants/flashmob.<br />
<span data-olk-copy-source="MessageBody">Un atelier proposé par le Comité Soralia d&rsquo;Ixelles.</span></p>
<div class="x_elementToProof">Quand? Le <strong>vendredi 6 mars 2026 </strong>de<strong> 14h </strong>à<strong> 18h</strong><br />
Où? Espace Henri De Kerkheer &#8211; Chaussée de Vleurgat 23 à 1050 Ixelles<br />
Prix? Activité gratuite (le matériel vous sera fourni)Venez nous soutenir nombreux.ses ! ✊🏼✊🏽✊🏿<span data-olk-copy-source="MessageBody">♀️</span>🔥</p>
</div>

<p>Dans le cadre des activités autour du 8 mars (Journée internationale des droits des femmes), le comité Soralia Ixelles vous invite à un atelier de création de pancartes, affiches et de chants/flashmob. Un atelier proposé par le Comité Soralia d&rsquo;Ixelles. Quand? Le vendredi 6 mars 2026 de 14h à 18h  [&#8230;]</p>
