{"id":23376,"date":"2026-03-04T14:42:54","date_gmt":"2026-03-04T13:42:54","guid":{"rendered":"https:\/\/www.soralia.be\/accueil\/?post_type=tribe_events&#038;p=23376"},"modified":"2026-03-04T14:42:54","modified_gmt":"2026-03-04T13:42:54","slug":"mobilisation-8-mars","status":"publish","type":"tribe_events","link":"https:\/\/www.soralia.be\/accueil\/event\/mobilisation-8-mars\/","title":{"rendered":"Mobilisation &#8211; 8 mars"},"content":{"rendered":"<p><strong data-olk-copy-source=\"MessageBody\"><img decoding=\"async\" class=\"alignnone  wp-image-23311\" src=\"https:\/\/www.soralia.be\/wp-content\/uploads\/2026\/02\/8mars-poster-300x135.jpg\" alt=\"\" width=\"689\" height=\"310\" srcset=\"https:\/\/www.soralia.be\/wp-content\/uploads\/2026\/02\/8mars-poster-200x90.jpg 200w, https:\/\/www.soralia.be\/wp-content\/uploads\/2026\/02\/8mars-poster-300x135.jpg 300w, https:\/\/www.soralia.be\/wp-content\/uploads\/2026\/02\/8mars-poster-400x180.jpg 400w, https:\/\/www.soralia.be\/wp-content\/uploads\/2026\/02\/8mars-poster-500x225.jpg 500w, https:\/\/www.soralia.be\/wp-content\/uploads\/2026\/02\/8mars-poster-600x270.jpg 600w, https:\/\/www.soralia.be\/wp-content\/uploads\/2026\/02\/8mars-poster-700x315.jpg 700w, https:\/\/www.soralia.be\/wp-content\/uploads\/2026\/02\/8mars-poster-768x346.jpg 768w, https:\/\/www.soralia.be\/wp-content\/uploads\/2026\/02\/8mars-poster-800x360.jpg 800w, https:\/\/www.soralia.be\/wp-content\/uploads\/2026\/02\/8mars-poster-1024x461.jpg 1024w, https:\/\/www.soralia.be\/wp-content\/uploads\/2026\/02\/8mars-poster-1200x540.jpg 1200w, https:\/\/www.soralia.be\/wp-content\/uploads\/2026\/02\/8mars-poster-1536x691.jpg 1536w\" sizes=\"(max-width: 689px) 100vw, 689px\" \/><br \/>\nMOBILISATION &#8211; 8 MARS\u270a\ud83c\udffb\u270a\ud83c\udffd\u270a\ud83c\udfff<\/strong><br \/>\nDans le cadre du 8 mars &#8211; Journ\u00e9e internationale des droits des femmes &#8211; les comit\u00e9s Soralia de Bruxelles et l&rsquo;\u00e9quipe de Soralia Bruxelles se mobiliseront et participeront \u00e0 la marche ! Village f\u00e9ministe d\u00e8s 11h et marche \u00e0 14h.<\/p>\n<p>\ud83d\udcc6\ud83d\udd50<strong>Quand?\u00a0<\/strong>Dimanche\u00a0<strong>8 mars<\/strong>\u00a0de\u00a0<strong>11h<\/strong>\u00a0\u00e0\u00a0<strong>18h<\/strong>\u00a0(<strong>marche \u00e0 14h<\/strong>!)<br \/>\n\ud83d\udccd<strong>O\u00f9? Rdv <\/strong>Place de l&rsquo;Albertine \u00e0 1000 Bruxelles<\/p>\n","protected":false},"excerpt":{"rendered":"<p>MOBILISATION &#8211; 8 MARS\u270a\ud83c\udffb\u270a\ud83c\udffd\u270a\ud83c\udfff Dans le cadre du 8 mars &#8211; Journ\u00e9e internationale des droits des femmes &#8211; les comit\u00e9s Soralia de Bruxelles et l&rsquo;\u00e9quipe de Soralia Bruxelles se mobiliseront et participeront \u00e0 la marche ! Village f\u00e9ministe d\u00e8s 11h et marche \u00e0 14h. \ud83d\udcc6\ud83d\udd50Quand?\u00a0Dimanche\u00a08 mars\u00a0de\u00a011h\u00a0\u00e0\u00a018h\u00a0(marche \u00e0 14h!) \ud83d\udccdO\u00f9? Rdv  [&#8230;]<\/p>\n","protected":false},"author":23,"featured_media":0,"template":"","meta":{"_tribe_events_status":"","_tribe_events_status_reason":"","_tribe_events_is_hybrid":"","_tribe_events_is_virtual":"","_tribe_events_virtual_video_source":"","_tribe_events_virtual_embed_video":"","_tribe_events_virtual_linked_button_text":"","_tribe_events_virtual_linked_button":"","_tribe_events_virtual_show_embed_at":"","_tribe_events_virtual_show_embed_to":[],"_tribe_events_virtual_show_on_event":"","_tribe_events_virtual_show_on_views":"","_tribe_events_virtual_url":"","footnotes":""},"tags":[],"tribe_events_cat":[78,86,84,50],"class_list":["post-23376","tribe_events","type-tribe_events","status-publish","hentry","tribe_events_cat-bruxelles","tribe_events_cat-citoyennete","tribe_events_cat-egalite-femme-homme","tribe_events_cat-general","cat_bruxelles","cat_citoyennete","cat_egalite-femme-homme","cat_general"],"_links":{"self":[{"href":"https:\/\/www.soralia.be\/accueil\/wp-json\/wp\/v2\/tribe_events\/23376","targetHints":{"allow":["GET"]}}],"collection":[{"href":"https:\/\/www.soralia.be\/accueil\/wp-json\/wp\/v2\/tribe_events"}],"about":[{"href":"https:\/\/www.soralia.be\/accueil\/wp-json\/wp\/v2\/types\/tribe_events"}],"author":[{"embeddable":true,"href":"https:\/\/www.soralia.be\/accueil\/wp-json\/wp\/v2\/users\/23"}],"version-history":[{"count":1,"href":"https:\/\/www.soralia.be\/accueil\/wp-json\/wp\/v2\/tribe_events\/23376\/revisions"}],"predecessor-version":[{"id":23378,"href":"https:\/\/www.soralia.be\/accueil\/wp-json\/wp\/v2\/tribe_events\/23376\/revisions\/23378"}],"wp:attachment":[{"href":"https:\/\/www.soralia.be\/accueil\/wp-json\/wp\/v2\/media?parent=23376"}],"wp:term":[{"taxonomy":"post_tag","embeddable":true,"href":"https:\/\/www.soralia.be\/accueil\/wp-json\/wp\/v2\/tags?post=23376"},{"taxonomy":"tribe_events_cat","embeddable":true,"href":"https:\/\/www.soralia.be\/accueil\/wp-json\/wp\/v2\/tribe_events_cat?post=23376"}],"curies":[{"name":"wp","href":"https:\/\/api.w.org\/{rel}","templated":true}]}}

<p><strong data-olk-copy-source="MessageBody"><img decoding="async" class="alignnone  wp-image-23311" src="https://www.soralia.be/wp-content/uploads/2026/02/8mars-poster-300x135.jpg" alt="" width="689" height="310" srcset="https://www.soralia.be/wp-content/uploads/2026/02/8mars-poster-200x90.jpg 200w, https://www.soralia.be/wp-content/uploads/2026/02/8mars-poster-300x135.jpg 300w, https://www.soralia.be/wp-content/uploads/2026/02/8mars-poster-400x180.jpg 400w, https://www.soralia.be/wp-content/uploads/2026/02/8mars-poster-500x225.jpg 500w, https://www.soralia.be/wp-content/uploads/2026/02/8mars-poster-600x270.jpg 600w, https://www.soralia.be/wp-content/uploads/2026/02/8mars-poster-700x315.jpg 700w, https://www.soralia.be/wp-content/uploads/2026/02/8mars-poster-768x346.jpg 768w, https://www.soralia.be/wp-content/uploads/2026/02/8mars-poster-800x360.jpg 800w, https://www.soralia.be/wp-content/uploads/2026/02/8mars-poster-1024x461.jpg 1024w, https://www.soralia.be/wp-content/uploads/2026/02/8mars-poster-1200x540.jpg 1200w, https://www.soralia.be/wp-content/uploads/2026/02/8mars-poster-1536x691.jpg 1536w" sizes="(max-width: 689px) 100vw, 689px" /><br />
MOBILISATION &#8211; 8 MARS✊🏻✊🏽✊🏿</strong><br />
Dans le cadre du 8 mars &#8211; Journée internationale des droits des femmes &#8211; les comités Soralia de Bruxelles et l&rsquo;équipe de Soralia Bruxelles se mobiliseront et participeront à la marche ! Village féministe dès 11h et marche à 14h.</p>
<p>📆🕐<strong>Quand? </strong>Dimanche <strong>8 mars</strong> de <strong>11h</strong> à <strong>18h</strong> (<strong>marche à 14h</strong>!)<br />
📍<strong>Où? Rdv </strong>Place de l&rsquo;Albertine à 1000 Bruxelles</p>

<p>MOBILISATION &#8211; 8 MARS✊🏻✊🏽✊🏿 Dans le cadre du 8 mars &#8211; Journée internationale des droits des femmes &#8211; les comités Soralia de Bruxelles et l&rsquo;équipe de Soralia Bruxelles se mobiliseront et participeront à la marche ! Village féministe dès 11h et marche à 14h. 📆🕐Quand? Dimanche 8 mars de 11h à 18h (marche à 14h!) 📍Où? Rdv  [&#8230;]</p>
