{"id":23397,"date":"2026-03-13T11:27:58","date_gmt":"2026-03-13T10:27:58","guid":{"rendered":"https:\/\/www.soralia.be\/accueil\/?post_type=tribe_events&#038;p=23397"},"modified":"2026-03-13T11:27:58","modified_gmt":"2026-03-13T10:27:58","slug":"arpentage-lautisme-au-feminin-a-tubize","status":"publish","type":"tribe_events","link":"https:\/\/www.soralia.be\/accueil\/event\/arpentage-lautisme-au-feminin-a-tubize\/","title":{"rendered":"Arpentage &#8211; \u00ab\u00a0L&rsquo;autisme au f\u00e9minin\u00a0\u00bb \u00e0 Tubize"},"content":{"rendered":"<div class=\"\" data-block=\"true\" data-editor=\"1b9vl\" data-offset-key=\"1on7s-0-0\">\n<div class=\"_1mf _1mj\" data-offset-key=\"1on7s-0-0\"><span data-offset-key=\"1on7s-0-0\">Soralia Tubize, en collaboration avec Soralia Brabant wallon et Esenca Brabant wallon, vous invite \u00e0 une lecture collective \u00e0 la Biblioth\u00e8que de Tubize, autour de l\u2019autisme au <\/span><span class=\"_5zk7\" data-offset-key=\"1on7s-1-0\"><span data-offset-key=\"1on7s-1-0\">#f\u00e9minin<\/span><\/span><span data-offset-key=\"1on7s-2-0\">.<\/span><\/div>\n<\/div>\n<div class=\"\" data-block=\"true\" data-editor=\"1b9vl\" data-offset-key=\"cn6ki-0-0\">\n<div class=\"_1mf _1mj\" data-offset-key=\"cn6ki-0-0\"><\/div>\n<\/div>\n<div class=\"\" data-block=\"true\" data-editor=\"1b9vl\" data-offset-key=\"7evub-0-0\">\n<div class=\"_1mf _1mj\" data-offset-key=\"7evub-0-0\"><span data-offset-key=\"7evub-0-0\">Trop souvent sous-diagnostiqu\u00e9 ou invisibilis\u00e9, l\u2019autisme chez les <\/span><span class=\"_5zk7\" data-offset-key=\"7evub-1-0\"><span data-offset-key=\"7evub-1-0\">#femmes<\/span><\/span><span data-offset-key=\"7evub-2-0\"> reste un sujet m\u00e9connu. Nous l&rsquo;aborderons \u00e0 travers deux bandes dessin\u00e9es, dont chacun\u00b7e lira une partie, qu\u2019il ou elle partagera ensuite avec le groupe afin d&rsquo;y r\u00e9fl\u00e9chir ensemble.<\/span><\/div>\n<\/div>\n<div class=\"\" data-block=\"true\" data-editor=\"1b9vl\" data-offset-key=\"93lkt-0-0\">\n<div class=\"_1mf _1mj\" data-offset-key=\"93lkt-0-0\"><\/div>\n<\/div>\n<div class=\"\" data-block=\"true\" data-editor=\"1b9vl\" data-offset-key=\"4ks2d-0-0\">\n<div class=\"_1mf _1mj\" data-offset-key=\"4ks2d-0-0\"><span data-offset-key=\"4ks2d-0-0\">\ud83d\udcd6 Un moment de d\u00e9couverte, de r\u00e9flexion et d\u2019\u00e9changes autour de deux ouvrages :<\/span><\/div>\n<\/div>\n<div class=\"\" data-block=\"true\" data-editor=\"1b9vl\" data-offset-key=\"2to9q-0-0\">\n<div class=\"_1mf _1mj\" data-offset-key=\"2to9q-0-0\"><span data-offset-key=\"2to9q-0-0\"><strong>\u00ab\u00a0La diff\u00e9rence invisible\u00a0\u00bb<\/strong> de Mademoiselle Caroline et Julie Dachez<\/span><\/div>\n<\/div>\n<div class=\"\" data-block=\"true\" data-editor=\"1b9vl\" data-offset-key=\"c9n4b-0-0\">\n<div class=\"_1mf _1mj\" data-offset-key=\"c9n4b-0-0\"><span data-offset-key=\"c9n4b-0-0\"><strong>\u00ab\u00a0Jungle : Une travers\u00e9e de l&rsquo;autisme au f\u00e9minin\u00a0\u00bb<\/strong> de Ad\u00e9la\u00efde Barat Magan, Justine Langlois, Fanny Modena<\/span><\/div>\n<\/div>\n<div class=\"\" data-block=\"true\" data-editor=\"1b9vl\" data-offset-key=\"bacg-0-0\">\n<div class=\"_1mf _1mj\" data-offset-key=\"bacg-0-0\"><\/div>\n<\/div>\n<div class=\"\" data-block=\"true\" data-editor=\"1b9vl\" data-offset-key=\"cjips-0-0\">\n<div class=\"_1mf _1mj\" data-offset-key=\"cjips-0-0\"><span data-offset-key=\"cjips-0-0\">Places limit\u00e9es !<\/span><\/div>\n<\/div>\n<div class=\"\" data-block=\"true\" data-editor=\"1b9vl\" data-offset-key=\"a53aa-0-0\">\n<div class=\"_1mf _1mj\" data-offset-key=\"a53aa-0-0\"><span data-offset-key=\"a53aa-0-0\">\ud83d\udc49Inscription obligatoire :<a href=\"https:\/\/form.jotform.com\/260604094347355\"> https:\/\/form.jotform.com\/260604094347355<\/a><\/span><\/div>\n<\/div>\n<div class=\"\" data-block=\"true\" data-editor=\"1b9vl\" data-offset-key=\"crvov-0-0\">\n<div class=\"_1mf _1mj\" data-offset-key=\"crvov-0-0\"><span data-offset-key=\"crvov-0-0\">\u00a0<\/span><\/div>\n<\/div>\n<div class=\"\" data-block=\"true\" data-editor=\"1b9vl\" data-offset-key=\"4ae0u-0-0\">\n<div class=\"_1mf _1mj\" data-offset-key=\"4ae0u-0-0\"><span data-offset-key=\"4ae0u-0-0\">Il n&rsquo;est pas n\u00e9cessaire de lire ou d&rsquo;acheter le livre \u00e0 l&rsquo;avance.<\/span><\/div>\n<\/div>\n<div class=\"\" data-block=\"true\" data-editor=\"1b9vl\" data-offset-key=\"5jmi-0-0\">\n<div class=\"_1mf _1mj\" data-offset-key=\"5jmi-0-0\"><\/div>\n<\/div>\n<div class=\"\" data-block=\"true\" data-editor=\"1b9vl\" data-offset-key=\"3ualr-0-0\">\n<div class=\"_1mf _1mj\" data-offset-key=\"3ualr-0-0\"><span data-offset-key=\"3ualr-0-0\">Plus d\u2019informations :<\/span><\/div>\n<\/div>\n<div class=\"\" data-block=\"true\" data-editor=\"1b9vl\" data-offset-key=\"6i36e-0-0\">\n<div class=\"_1mf _1mj\" data-offset-key=\"6i36e-0-0\"><span data-offset-key=\"6i36e-0-0\">\u2709\ufe0f soralia.bw@solidaris.be<\/span><\/div>\n<\/div>\n<div class=\"\" data-block=\"true\" data-editor=\"1b9vl\" data-offset-key=\"4spqp-0-0\">\n<div class=\"_1mf _1mj\" data-offset-key=\"4spqp-0-0\"><span data-offset-key=\"4spqp-0-0\">\ud83d\udcde 010 24 37 24<\/span><\/div>\n<\/div>\n<p><img decoding=\"async\" class=\"alignnone wp-image-23398 size-full\" src=\"https:\/\/www.soralia.be\/wp-content\/uploads\/2026\/03\/Aswal-Event-conference-autisme-scaled.jpg\" alt=\"\" width=\"2560\" height=\"960\" srcset=\"https:\/\/www.soralia.be\/wp-content\/uploads\/2026\/03\/Aswal-Event-conference-autisme-200x75.jpg 200w, https:\/\/www.soralia.be\/wp-content\/uploads\/2026\/03\/Aswal-Event-conference-autisme-300x113.jpg 300w, https:\/\/www.soralia.be\/wp-content\/uploads\/2026\/03\/Aswal-Event-conference-autisme-400x150.jpg 400w, https:\/\/www.soralia.be\/wp-content\/uploads\/2026\/03\/Aswal-Event-conference-autisme-500x188.jpg 500w, https:\/\/www.soralia.be\/wp-content\/uploads\/2026\/03\/Aswal-Event-conference-autisme-600x225.jpg 600w, https:\/\/www.soralia.be\/wp-content\/uploads\/2026\/03\/Aswal-Event-conference-autisme-700x263.jpg 700w, https:\/\/www.soralia.be\/wp-content\/uploads\/2026\/03\/Aswal-Event-conference-autisme-768x288.jpg 768w, https:\/\/www.soralia.be\/wp-content\/uploads\/2026\/03\/Aswal-Event-conference-autisme-800x300.jpg 800w, https:\/\/www.soralia.be\/wp-content\/uploads\/2026\/03\/Aswal-Event-conference-autisme-1024x384.jpg 1024w, https:\/\/www.soralia.be\/wp-content\/uploads\/2026\/03\/Aswal-Event-conference-autisme-1200x450.jpg 1200w, https:\/\/www.soralia.be\/wp-content\/uploads\/2026\/03\/Aswal-Event-conference-autisme-1536x576.jpg 1536w, https:\/\/www.soralia.be\/wp-content\/uploads\/2026\/03\/Aswal-Event-conference-autisme-scaled.jpg 2560w\" sizes=\"(max-width: 2560px) 100vw, 2560px\" \/><\/p>\n<hr \/>\n<h2>Modalit\u00e9s<\/h2>\n<p><strong>Public<\/strong> : D\u00e8s 16 ans<\/p>\n<p><strong>Lieu<\/strong> : Bibiloth\u00e8que de Tubize : Rue du Bailli, 4 &#8211; 1480 Tubize<\/p>\n<p><strong>Dates<\/strong> : Le 8\/04\/2026 \u00e0 18h<\/p>\n<p><strong>Prix<\/strong> : Gratuit<br \/>\n<strong><br \/>\n<\/strong><\/p>\n<hr \/>\n<h2>Inscription<\/h2>\n<p>Inscription obligatoire : <span data-offset-key=\"a53aa-0-0\"><a href=\"https:\/\/form.jotform.com\/260604094347355\">\u00a0https:\/\/form.jotform.com\/260604094347355<\/a><\/span><\/p>\n","protected":false},"excerpt":{"rendered":"<p>D\u00e8s 16 ans<\/p>\n","protected":false},"author":29,"featured_media":1066,"template":"","meta":{"_tribe_events_status":"","_tribe_events_status_reason":"","_tribe_events_is_hybrid":"","_tribe_events_is_virtual":"","_tribe_events_virtual_video_source":"","_tribe_events_virtual_embed_video":"","_tribe_events_virtual_linked_button_text":"","_tribe_events_virtual_linked_button":"","_tribe_events_virtual_show_embed_at":"","_tribe_events_virtual_show_embed_to":[],"_tribe_events_virtual_show_on_event":"","_tribe_events_virtual_show_on_views":"","_tribe_events_virtual_url":"","footnotes":""},"tags":[],"tribe_events_cat":[123,85],"class_list":["post-23397","tribe_events","type-tribe_events","status-publish","has-post-thumbnail","hentry","tribe_events_cat-brabant-wallon","tribe_events_cat-sante","cat_brabant-wallon","cat_sante"],"_links":{"self":[{"href":"https:\/\/www.soralia.be\/accueil\/wp-json\/wp\/v2\/tribe_events\/23397","targetHints":{"allow":["GET"]}}],"collection":[{"href":"https:\/\/www.soralia.be\/accueil\/wp-json\/wp\/v2\/tribe_events"}],"about":[{"href":"https:\/\/www.soralia.be\/accueil\/wp-json\/wp\/v2\/types\/tribe_events"}],"author":[{"embeddable":true,"href":"https:\/\/www.soralia.be\/accueil\/wp-json\/wp\/v2\/users\/29"}],"version-history":[{"count":1,"href":"https:\/\/www.soralia.be\/accueil\/wp-json\/wp\/v2\/tribe_events\/23397\/revisions"}],"predecessor-version":[{"id":23400,"href":"https:\/\/www.soralia.be\/accueil\/wp-json\/wp\/v2\/tribe_events\/23397\/revisions\/23400"}],"wp:featuredmedia":[{"embeddable":true,"href":"https:\/\/www.soralia.be\/accueil\/wp-json\/wp\/v2\/media\/1066"}],"wp:attachment":[{"href":"https:\/\/www.soralia.be\/accueil\/wp-json\/wp\/v2\/media?parent=23397"}],"wp:term":[{"taxonomy":"post_tag","embeddable":true,"href":"https:\/\/www.soralia.be\/accueil\/wp-json\/wp\/v2\/tags?post=23397"},{"taxonomy":"tribe_events_cat","embeddable":true,"href":"https:\/\/www.soralia.be\/accueil\/wp-json\/wp\/v2\/tribe_events_cat?post=23397"}],"curies":[{"name":"wp","href":"https:\/\/api.w.org\/{rel}","templated":true}]}}

Arpentage &#8211; « L&rsquo;autisme au féminin » à Tubize

<div class="" data-block="true" data-editor="1b9vl" data-offset-key="1on7s-0-0">
<div class="_1mf _1mj" data-offset-key="1on7s-0-0"><span data-offset-key="1on7s-0-0">Soralia Tubize, en collaboration avec Soralia Brabant wallon et Esenca Brabant wallon, vous invite à une lecture collective à la Bibliothèque de Tubize, autour de l’autisme au </span><span class="_5zk7" data-offset-key="1on7s-1-0"><span data-offset-key="1on7s-1-0">#féminin</span></span><span data-offset-key="1on7s-2-0">.</span></div>
</div>
<div class="" data-block="true" data-editor="1b9vl" data-offset-key="cn6ki-0-0">
<div class="_1mf _1mj" data-offset-key="cn6ki-0-0"></div>
</div>
<div class="" data-block="true" data-editor="1b9vl" data-offset-key="7evub-0-0">
<div class="_1mf _1mj" data-offset-key="7evub-0-0"><span data-offset-key="7evub-0-0">Trop souvent sous-diagnostiqué ou invisibilisé, l’autisme chez les </span><span class="_5zk7" data-offset-key="7evub-1-0"><span data-offset-key="7evub-1-0">#femmes</span></span><span data-offset-key="7evub-2-0"> reste un sujet méconnu. Nous l&rsquo;aborderons à travers deux bandes dessinées, dont chacun·e lira une partie, qu’il ou elle partagera ensuite avec le groupe afin d&rsquo;y réfléchir ensemble.</span></div>
</div>
<div class="" data-block="true" data-editor="1b9vl" data-offset-key="93lkt-0-0">
<div class="_1mf _1mj" data-offset-key="93lkt-0-0"></div>
</div>
<div class="" data-block="true" data-editor="1b9vl" data-offset-key="4ks2d-0-0">
<div class="_1mf _1mj" data-offset-key="4ks2d-0-0"><span data-offset-key="4ks2d-0-0">📖 Un moment de découverte, de réflexion et d’échanges autour de deux ouvrages :</span></div>
</div>
<div class="" data-block="true" data-editor="1b9vl" data-offset-key="2to9q-0-0">
<div class="_1mf _1mj" data-offset-key="2to9q-0-0"><span data-offset-key="2to9q-0-0"><strong>« La différence invisible »</strong> de Mademoiselle Caroline et Julie Dachez</span></div>
</div>
<div class="" data-block="true" data-editor="1b9vl" data-offset-key="c9n4b-0-0">
<div class="_1mf _1mj" data-offset-key="c9n4b-0-0"><span data-offset-key="c9n4b-0-0"><strong>« Jungle : Une traversée de l&rsquo;autisme au féminin »</strong> de Adélaïde Barat Magan, Justine Langlois, Fanny Modena</span></div>
</div>
<div class="" data-block="true" data-editor="1b9vl" data-offset-key="bacg-0-0">
<div class="_1mf _1mj" data-offset-key="bacg-0-0"></div>
</div>
<div class="" data-block="true" data-editor="1b9vl" data-offset-key="cjips-0-0">
<div class="_1mf _1mj" data-offset-key="cjips-0-0"><span data-offset-key="cjips-0-0">Places limitées !</span></div>
</div>
<div class="" data-block="true" data-editor="1b9vl" data-offset-key="a53aa-0-0">
<div class="_1mf _1mj" data-offset-key="a53aa-0-0"><span data-offset-key="a53aa-0-0">👉Inscription obligatoire :<a href="https://form.jotform.com/260604094347355"> https://form.jotform.com/260604094347355</a></span></div>
</div>
<div class="" data-block="true" data-editor="1b9vl" data-offset-key="crvov-0-0">
<div class="_1mf _1mj" data-offset-key="crvov-0-0"><span data-offset-key="crvov-0-0"> </span></div>
</div>
<div class="" data-block="true" data-editor="1b9vl" data-offset-key="4ae0u-0-0">
<div class="_1mf _1mj" data-offset-key="4ae0u-0-0"><span data-offset-key="4ae0u-0-0">Il n&rsquo;est pas nécessaire de lire ou d&rsquo;acheter le livre à l&rsquo;avance.</span></div>
</div>
<div class="" data-block="true" data-editor="1b9vl" data-offset-key="5jmi-0-0">
<div class="_1mf _1mj" data-offset-key="5jmi-0-0"></div>
</div>
<div class="" data-block="true" data-editor="1b9vl" data-offset-key="3ualr-0-0">
<div class="_1mf _1mj" data-offset-key="3ualr-0-0"><span data-offset-key="3ualr-0-0">Plus d’informations :</span></div>
</div>
<div class="" data-block="true" data-editor="1b9vl" data-offset-key="6i36e-0-0">
<div class="_1mf _1mj" data-offset-key="6i36e-0-0"><span data-offset-key="6i36e-0-0">✉️ soralia.bw@solidaris.be</span></div>
</div>
<div class="" data-block="true" data-editor="1b9vl" data-offset-key="4spqp-0-0">
<div class="_1mf _1mj" data-offset-key="4spqp-0-0"><span data-offset-key="4spqp-0-0">📞 010 24 37 24</span></div>
</div>
<p><img decoding="async" class="alignnone wp-image-23398 size-full" src="https://www.soralia.be/wp-content/uploads/2026/03/Aswal-Event-conference-autisme-scaled.jpg" alt="" width="2560" height="960" srcset="https://www.soralia.be/wp-content/uploads/2026/03/Aswal-Event-conference-autisme-200x75.jpg 200w, https://www.soralia.be/wp-content/uploads/2026/03/Aswal-Event-conference-autisme-300x113.jpg 300w, https://www.soralia.be/wp-content/uploads/2026/03/Aswal-Event-conference-autisme-400x150.jpg 400w, https://www.soralia.be/wp-content/uploads/2026/03/Aswal-Event-conference-autisme-500x188.jpg 500w, https://www.soralia.be/wp-content/uploads/2026/03/Aswal-Event-conference-autisme-600x225.jpg 600w, https://www.soralia.be/wp-content/uploads/2026/03/Aswal-Event-conference-autisme-700x263.jpg 700w, https://www.soralia.be/wp-content/uploads/2026/03/Aswal-Event-conference-autisme-768x288.jpg 768w, https://www.soralia.be/wp-content/uploads/2026/03/Aswal-Event-conference-autisme-800x300.jpg 800w, https://www.soralia.be/wp-content/uploads/2026/03/Aswal-Event-conference-autisme-1024x384.jpg 1024w, https://www.soralia.be/wp-content/uploads/2026/03/Aswal-Event-conference-autisme-1200x450.jpg 1200w, https://www.soralia.be/wp-content/uploads/2026/03/Aswal-Event-conference-autisme-1536x576.jpg 1536w, https://www.soralia.be/wp-content/uploads/2026/03/Aswal-Event-conference-autisme-scaled.jpg 2560w" sizes="(max-width: 2560px) 100vw, 2560px" /></p>
<hr />
<h2>Modalités</h2>
<p><strong>Public</strong> : Dès 16 ans</p>
<p><strong>Lieu</strong> : Bibilothèque de Tubize : Rue du Bailli, 4 &#8211; 1480 Tubize</p>
<p><strong>Dates</strong> : Le 8/04/2026 à 18h</p>
<p><strong>Prix</strong> : Gratuit<br />
<strong><br />
</strong></p>
<hr />
<h2>Inscription</h2>
<p>Inscription obligatoire : <span data-offset-key="a53aa-0-0"><a href="https://form.jotform.com/260604094347355"> https://form.jotform.com/260604094347355</a></span></p>

<p>Dès 16 ans</p>
