{"id":24391,"date":"2026-08-31T12:14:22","date_gmt":"2026-08-31T10:14:22","guid":{"rendered":"https:\/\/www.soralia.be\/accueil\/?post_type=tribe_events&#038;p=24391"},"modified":"2026-08-31T12:14:22","modified_gmt":"2026-08-31T10:14:22","slug":"arpentage-feministe-%f0%9f%93%9a-17","status":"publish","type":"tribe_events","link":"https:\/\/www.soralia.be\/accueil\/event\/arpentage-feministe-%f0%9f%93%9a-17\/","title":{"rendered":"Arpentage f\u00e9ministe \ud83d\udcda"},"content":{"rendered":"<div id=\"x_isPasted\" data-olk-copy-source=\"MessageBody\"><img decoding=\"async\" class=\"alignnone  wp-image-24402\" src=\"https:\/\/www.soralia.be\/wp-content\/uploads\/2026\/08\/Capture-decran-2026-08-28-125608-241x300.png\" alt=\"\" width=\"401\" height=\"499\" srcset=\"https:\/\/www.soralia.be\/wp-content\/uploads\/2026\/08\/Capture-decran-2026-08-28-125608-200x249.png 200w, https:\/\/www.soralia.be\/wp-content\/uploads\/2026\/08\/Capture-decran-2026-08-28-125608-241x300.png 241w, https:\/\/www.soralia.be\/wp-content\/uploads\/2026\/08\/Capture-decran-2026-08-28-125608-400x497.png 400w, https:\/\/www.soralia.be\/wp-content\/uploads\/2026\/08\/Capture-decran-2026-08-28-125608-500x622.png 500w, https:\/\/www.soralia.be\/wp-content\/uploads\/2026\/08\/Capture-decran-2026-08-28-125608-600x746.png 600w, https:\/\/www.soralia.be\/wp-content\/uploads\/2026\/08\/Capture-decran-2026-08-28-125608-700x871.png 700w, https:\/\/www.soralia.be\/wp-content\/uploads\/2026\/08\/Capture-decran-2026-08-28-125608-768x955.png 768w, https:\/\/www.soralia.be\/wp-content\/uploads\/2026\/08\/Capture-decran-2026-08-28-125608-800x995.png 800w, https:\/\/www.soralia.be\/wp-content\/uploads\/2026\/08\/Capture-decran-2026-08-28-125608-823x1024.png 823w, https:\/\/www.soralia.be\/wp-content\/uploads\/2026\/08\/Capture-decran-2026-08-28-125608.png 985w\" sizes=\"(max-width: 401px) 100vw, 401px\" \/><br \/>\nLes arpentages reprennent d\u00e9but septembre \u00e0 la Maison des Femmes de Schaerbeek. Un arpentage est une activit\u00e9 o\u00f9 on se partage des chapitres d\u2019un livre \u00e0 lire pour ensuite discuter et \u00e9changer sur ce qu&rsquo;on a lu.<\/div>\n<div>Notre premier livre sera \u00ab le couple et l\u2019argent \u00bb de Titiou Lecoq.<\/div>\n<p>\ud83d\udcc5<strong>Mardi<\/strong><strong>\u00a08 septembre 2026 de 13h30 \u00e0 16h30<br \/>\n<\/strong>\ud83d\udccdLa Maison des Femmes &#8211;\u00a0<a tabindex=\"0\" title=\"https:\/\/mlff1.r.a.d.sendibm1.com\/mk\/cl\/f\/sh\/SMK1E8tHeGSV2JaRlpCfOB1sBHsn\/RFNq1qwdXKwB\" href=\"https:\/\/mlff1.r.a.d.sendibm1.com\/mk\/cl\/f\/sh\/SMK1E8tHeGSV2JaRlpCfOB1sBHsn\/RFNq1qwdXKwB\" target=\"_blank\" rel=\"noopener noreferrer\" data-auth=\"NotApplicable\" data-url=\"\/maps\/place\/\/data=!4m2!3m1!1s0x47c3c36dd4184c69:0x806e93ac8b45d90e?sa=X&amp;ved=2ahUKEwjb9pGyxseTAxV23AIHHVnsHtgQ4kB6BAgLEAA\" data-jsarwt=\"1\" data-usg=\"AOvVaw3Ix3ZXZu93rv5FoM4dKohU\" data-ved=\"2ahUKEwjb9pGyxseTAxV23AIHHVnsHtgQ4kB6BAgeEAM\" data-linkindex=\"5\">Rue Josaphat 253 \u00e0 1030 Schaerbeek<\/a><br \/>\n<span data-olk-copy-source=\"MessageBody\">\ud83d\udcb6Atelier\u00a0<\/span>gratuit<br \/>\n\u2139\ufe0fInscription n\u00e9cessaire par mail \u00e0\u00a0<u><a href=\"mailto:maisondesfemmes@1030.be\">maisondesfemmes@1030.be<\/a><br \/>\n<\/u><\/p>\n<p>On esp\u00e8re vous y retrouver nombreux pour cette nouvelle saison des arpentages ! \ud83e\udef6\ud83c\udffb\ud83d\udcda<\/p>\n","protected":false},"excerpt":{"rendered":"<p>Les arpentages reprennent d\u00e9but septembre \u00e0 la Maison des Femmes de Schaerbeek. Un arpentage est une activit\u00e9 o\u00f9 on se partage des chapitres d\u2019un livre \u00e0 lire pour ensuite discuter et \u00e9changer sur ce qu&rsquo;on a lu. Notre premier livre sera \u00ab le couple et l\u2019argent \u00bb de Titiou Lecoq.  [&#8230;]<\/p>\n","protected":false},"author":23,"featured_media":1076,"template":"","meta":{"_tribe_events_status":"","_tribe_events_status_reason":"","_tribe_events_is_hybrid":"","_tribe_events_is_virtual":"","_tribe_events_virtual_video_source":"","_tribe_events_virtual_embed_video":"","_tribe_events_virtual_linked_button_text":"","_tribe_events_virtual_linked_button":"","_tribe_events_virtual_show_embed_at":"","_tribe_events_virtual_show_embed_to":[],"_tribe_events_virtual_show_on_event":"","_tribe_events_virtual_show_on_views":"","_tribe_events_virtual_url":"","footnotes":""},"tags":[],"tribe_events_cat":[751,753,78,166,86,84,755,49,756,50,758,89,759,761],"class_list":["post-24391","tribe_events","type-tribe_events","status-publish","has-post-thumbnail","hentry","tribe_events_cat-adultes","tribe_events_cat-ateliers","tribe_events_cat-bruxelles","tribe_events_cat-culture","tribe_events_cat-citoyennete","tribe_events_cat-egalite-femme-homme","tribe_events_cat-engages","tribe_events_cat-familles","tribe_events_cat-femmes","tribe_events_cat-general","tribe_events_cat-jeunes-18-ans","tribe_events_cat-loisirs","tribe_events_cat-mardi","tribe_events_cat-soralia","cat_adultes","cat_ateliers","cat_bruxelles","cat_culture","cat_citoyennete","cat_egalite-femme-homme","cat_engages","cat_familles","cat_femmes","cat_general","cat_jeunes-18-ans","cat_loisirs","cat_mardi","cat_soralia"],"_links":{"self":[{"href":"https:\/\/www.soralia.be\/accueil\/wp-json\/wp\/v2\/tribe_events\/24391","targetHints":{"allow":["GET"]}}],"collection":[{"href":"https:\/\/www.soralia.be\/accueil\/wp-json\/wp\/v2\/tribe_events"}],"about":[{"href":"https:\/\/www.soralia.be\/accueil\/wp-json\/wp\/v2\/types\/tribe_events"}],"author":[{"embeddable":true,"href":"https:\/\/www.soralia.be\/accueil\/wp-json\/wp\/v2\/users\/23"}],"version-history":[{"count":1,"href":"https:\/\/www.soralia.be\/accueil\/wp-json\/wp\/v2\/tribe_events\/24391\/revisions"}],"predecessor-version":[{"id":24403,"href":"https:\/\/www.soralia.be\/accueil\/wp-json\/wp\/v2\/tribe_events\/24391\/revisions\/24403"}],"wp:featuredmedia":[{"embeddable":true,"href":"https:\/\/www.soralia.be\/accueil\/wp-json\/wp\/v2\/media\/1076"}],"wp:attachment":[{"href":"https:\/\/www.soralia.be\/accueil\/wp-json\/wp\/v2\/media?parent=24391"}],"wp:term":[{"taxonomy":"post_tag","embeddable":true,"href":"https:\/\/www.soralia.be\/accueil\/wp-json\/wp\/v2\/tags?post=24391"},{"taxonomy":"tribe_events_cat","embeddable":true,"href":"https:\/\/www.soralia.be\/accueil\/wp-json\/wp\/v2\/tribe_events_cat?post=24391"}],"curies":[{"name":"wp","href":"https:\/\/api.w.org\/{rel}","templated":true}]}}

Arpentage féministe 📚

<div id="x_isPasted" data-olk-copy-source="MessageBody"><img decoding="async" class="alignnone  wp-image-24402" src="https://www.soralia.be/wp-content/uploads/2026/08/Capture-decran-2026-08-28-125608-241x300.png" alt="" width="401" height="499" srcset="https://www.soralia.be/wp-content/uploads/2026/08/Capture-decran-2026-08-28-125608-200x249.png 200w, https://www.soralia.be/wp-content/uploads/2026/08/Capture-decran-2026-08-28-125608-241x300.png 241w, https://www.soralia.be/wp-content/uploads/2026/08/Capture-decran-2026-08-28-125608-400x497.png 400w, https://www.soralia.be/wp-content/uploads/2026/08/Capture-decran-2026-08-28-125608-500x622.png 500w, https://www.soralia.be/wp-content/uploads/2026/08/Capture-decran-2026-08-28-125608-600x746.png 600w, https://www.soralia.be/wp-content/uploads/2026/08/Capture-decran-2026-08-28-125608-700x871.png 700w, https://www.soralia.be/wp-content/uploads/2026/08/Capture-decran-2026-08-28-125608-768x955.png 768w, https://www.soralia.be/wp-content/uploads/2026/08/Capture-decran-2026-08-28-125608-800x995.png 800w, https://www.soralia.be/wp-content/uploads/2026/08/Capture-decran-2026-08-28-125608-823x1024.png 823w, https://www.soralia.be/wp-content/uploads/2026/08/Capture-decran-2026-08-28-125608.png 985w" sizes="(max-width: 401px) 100vw, 401px" /><br />
Les arpentages reprennent début septembre à la Maison des Femmes de Schaerbeek. Un arpentage est une activité où on se partage des chapitres d’un livre à lire pour ensuite discuter et échanger sur ce qu&rsquo;on a lu.</div>
<div>Notre premier livre sera « le couple et l’argent » de Titiou Lecoq.</div>
<p>📅<strong>Mardi</strong><strong> 8 septembre 2026 de 13h30 à 16h30<br />
</strong>📍La Maison des Femmes &#8211; <a tabindex="0" title="https://mlff1.r.a.d.sendibm1.com/mk/cl/f/sh/SMK1E8tHeGSV2JaRlpCfOB1sBHsn/RFNq1qwdXKwB" href="https://mlff1.r.a.d.sendibm1.com/mk/cl/f/sh/SMK1E8tHeGSV2JaRlpCfOB1sBHsn/RFNq1qwdXKwB" target="_blank" rel="noopener noreferrer" data-auth="NotApplicable" data-url="/maps/place//data=!4m2!3m1!1s0x47c3c36dd4184c69:0x806e93ac8b45d90e?sa=X&amp;ved=2ahUKEwjb9pGyxseTAxV23AIHHVnsHtgQ4kB6BAgLEAA" data-jsarwt="1" data-usg="AOvVaw3Ix3ZXZu93rv5FoM4dKohU" data-ved="2ahUKEwjb9pGyxseTAxV23AIHHVnsHtgQ4kB6BAgeEAM" data-linkindex="5">Rue Josaphat 253 à 1030 Schaerbeek</a><br />
<span data-olk-copy-source="MessageBody">💶Atelier </span>gratuit<br />
ℹ️Inscription nécessaire par mail à <u><a href="mailto:maisondesfemmes@1030.be">maisondesfemmes@1030.be</a><br />
</u></p>
<p>On espère vous y retrouver nombreux pour cette nouvelle saison des arpentages ! 🫶🏻📚</p>

<p>Les arpentages reprennent début septembre à la Maison des Femmes de Schaerbeek. Un arpentage est une activité où on se partage des chapitres d’un livre à lire pour ensuite discuter et échanger sur ce qu&rsquo;on a lu. Notre premier livre sera « le couple et l’argent » de Titiou Lecoq.  [&#8230;]</p>
