{"id":24409,"date":"2026-08-31T12:40:11","date_gmt":"2026-08-31T10:40:11","guid":{"rendered":"https:\/\/www.soralia.be\/accueil\/?post_type=tribe_events&#038;p=24409"},"modified":"2026-08-31T12:40:11","modified_gmt":"2026-08-31T10:40:11","slug":"ceci-nest-pas-une-fete-cest-une-riposte-2","status":"publish","type":"tribe_events","link":"https:\/\/www.soralia.be\/accueil\/event\/ceci-nest-pas-une-fete-cest-une-riposte-2\/","title":{"rendered":"Ceci n&rsquo;est pas une f\u00eate c&rsquo;est une riposte!"},"content":{"rendered":"<p data-olk-copy-source=\"MessageBody\"><img decoding=\"async\" class=\"alignnone  wp-image-24410\" src=\"https:\/\/www.soralia.be\/wp-content\/uploads\/2026\/08\/slogan_2-1-600x338-1-300x169.png\" alt=\"\" width=\"533\" height=\"300\" srcset=\"https:\/\/www.soralia.be\/wp-content\/uploads\/2026\/08\/slogan_2-1-600x338-1-200x113.png 200w, https:\/\/www.soralia.be\/wp-content\/uploads\/2026\/08\/slogan_2-1-600x338-1-300x169.png 300w, https:\/\/www.soralia.be\/wp-content\/uploads\/2026\/08\/slogan_2-1-600x338-1-400x225.png 400w, https:\/\/www.soralia.be\/wp-content\/uploads\/2026\/08\/slogan_2-1-600x338-1-500x282.png 500w, https:\/\/www.soralia.be\/wp-content\/uploads\/2026\/08\/slogan_2-1-600x338-1.png 600w\" sizes=\"(max-width: 533px) 100vw, 533px\" \/><br \/>\nDans le cadre de sa campagne <a title=\"https:\/\/mlff1.r.a.d.sendibm1.com\/mk\/cl\/f\/sh\/SMK1E8tHeGgDwbEM89VdZpdM7t3J\/oOKKVSyn4K1F\" href=\"https:\/\/mlff1.r.a.d.sendibm1.com\/mk\/cl\/f\/sh\/SMK1E8tHeGgDwbEM89VdZpdM7t3J\/oOKKVSyn4K1F\" target=\"_blank\" rel=\"noopener noreferrer\" data-auth=\"NotApplicable\" data-linkindex=\"8\">\u00ab\u00a0<u>L\u2019associatif une histoire de nous pour nous \u00bb<\/u><\/a>, Soralia vous invite \u00e0 participer \u00e0 une riposte festive pour \u00e9changer avec les actrices\u00b7eurs de terrain et se mobiliser autour de la d\u00e9fense du monde associatif. Alors que certain\u00b7e\u00b7s cherchent \u00e0 r\u00e9duire le secteur associatif \u00e0 une variable d\u2019ajustement budg\u00e9taire, il constitue en r\u00e9alit\u00e9 l\u2019un des derniers espaces o\u00f9 l\u2019int\u00e9r\u00eat g\u00e9n\u00e9ral prime sur la rentabilit\u00e9. Un lieu o\u00f9 l\u2019on r\u00e9pond \u00e0 des besoins humains de base, comme se nourrir, se loger, s\u2019exprimer, cr\u00e9er du lien. Le secteur associatif est donc un investissement dans l\u2019avenir, qui a des retomb\u00e9es sociales positives pour toutes et tous en mati\u00e8re de pr\u00e9vention, d\u2019inclusion, de sant\u00e9 ou encore d\u2019\u00e9ducation.<\/p>\n<div id=\"x_isPasted\">\n<p class=\"x_default\"><em>Au programme<\/em> :<\/p>\n<\/div>\n<ul>\n<li>18h Accueil<\/li>\n<li>18h30 Pr\u00e9sentation de la campagne<\/li>\n<li>19h L\u2019histoire de l\u2019associatif par Chlo\u00e9 Deligne<\/li>\n<li>19h45 Ap\u00e9ro dinatoire suivi de la f\u00eate en musique<\/li>\n<\/ul>\n<p class=\"x_default\">\ud83d\udcc5<strong>Jeudi\u00a0<\/strong><span id=\"x_isPasted\" data-olk-copy-source=\"MessageBody\"><strong>17 septembre 2026 \u00e0 18h<br \/>\n<\/strong><\/span>\ud83d\udccd<span id=\"x_isPasted\">Le Phare du Kanaal &#8211;\u00a0<\/span>Quai des Charbonnages 40 \u00e0 1080 Molenbeek<br \/>\n<span data-olk-copy-source=\"MessageBody\">\ud83d\udcb6G<\/span>ratuit<br \/>\n\u2139\ufe0f<span id=\"x_isPasted\" data-olk-copy-source=\"MessageBody\">Inscription obligatoire via le <a href=\"https:\/\/docs.google.com\/forms\/d\/e\/1FAIpQLSe54RtaQtjoa5Nu6c2-JIrFx6m2jVVjWi3t6bFPyfJNSnvKqA\/viewform\">formulaire en ligne<\/a><\/span><\/p>\n<p>On vous y attend nombreux.ses pour faire de cette riposte un moment festif et t\u00e9moigner de votre soutien !<\/p>\n","protected":false},"excerpt":{"rendered":"<p>Dans le cadre de sa campagne \u00ab\u00a0L\u2019associatif une histoire de nous pour nous \u00bb, Soralia vous invite \u00e0 participer \u00e0 une riposte festive pour \u00e9changer avec les actrices\u00b7eurs de terrain et se mobiliser autour de la d\u00e9fense du monde associatif. Alors que certain\u00b7e\u00b7s cherchent \u00e0 r\u00e9duire le secteur associatif \u00e0  [&#8230;]<\/p>\n","protected":false},"author":23,"featured_media":1076,"template":"","meta":{"_tribe_events_status":"","_tribe_events_status_reason":"","_tribe_events_is_hybrid":"","_tribe_events_is_virtual":"","_tribe_events_virtual_video_source":"","_tribe_events_virtual_embed_video":"","_tribe_events_virtual_linked_button_text":"","_tribe_events_virtual_linked_button":"","_tribe_events_virtual_show_embed_at":"","_tribe_events_virtual_show_embed_to":[],"_tribe_events_virtual_show_on_event":"","_tribe_events_virtual_show_on_views":"","_tribe_events_virtual_url":"","footnotes":""},"tags":[],"tribe_events_cat":[751,78,166,86,84,755,776,49,756,50,772,85,88,761,87],"class_list":["post-24409","tribe_events","type-tribe_events","status-publish","has-post-thumbnail","hentry","tribe_events_cat-adultes","tribe_events_cat-bruxelles","tribe_events_cat-culture","tribe_events_cat-citoyennete","tribe_events_cat-egalite-femme-homme","tribe_events_cat-engages","tribe_events_cat-evenements","tribe_events_cat-familles","tribe_events_cat-femmes","tribe_events_cat-general","tribe_events_cat-jeudi","tribe_events_cat-sante","tribe_events_cat-sexualite","tribe_events_cat-soralia","tribe_events_cat-violences","cat_adultes","cat_bruxelles","cat_culture","cat_citoyennete","cat_egalite-femme-homme","cat_engages","cat_evenements","cat_familles","cat_femmes","cat_general","cat_jeudi","cat_sante","cat_sexualite","cat_soralia","cat_violences"],"_links":{"self":[{"href":"https:\/\/www.soralia.be\/accueil\/wp-json\/wp\/v2\/tribe_events\/24409","targetHints":{"allow":["GET"]}}],"collection":[{"href":"https:\/\/www.soralia.be\/accueil\/wp-json\/wp\/v2\/tribe_events"}],"about":[{"href":"https:\/\/www.soralia.be\/accueil\/wp-json\/wp\/v2\/types\/tribe_events"}],"author":[{"embeddable":true,"href":"https:\/\/www.soralia.be\/accueil\/wp-json\/wp\/v2\/users\/23"}],"version-history":[{"count":1,"href":"https:\/\/www.soralia.be\/accueil\/wp-json\/wp\/v2\/tribe_events\/24409\/revisions"}],"predecessor-version":[{"id":24411,"href":"https:\/\/www.soralia.be\/accueil\/wp-json\/wp\/v2\/tribe_events\/24409\/revisions\/24411"}],"wp:featuredmedia":[{"embeddable":true,"href":"https:\/\/www.soralia.be\/accueil\/wp-json\/wp\/v2\/media\/1076"}],"wp:attachment":[{"href":"https:\/\/www.soralia.be\/accueil\/wp-json\/wp\/v2\/media?parent=24409"}],"wp:term":[{"taxonomy":"post_tag","embeddable":true,"href":"https:\/\/www.soralia.be\/accueil\/wp-json\/wp\/v2\/tags?post=24409"},{"taxonomy":"tribe_events_cat","embeddable":true,"href":"https:\/\/www.soralia.be\/accueil\/wp-json\/wp\/v2\/tribe_events_cat?post=24409"}],"curies":[{"name":"wp","href":"https:\/\/api.w.org\/{rel}","templated":true}]}}

Ceci n&rsquo;est pas une fête c&rsquo;est une riposte!

<p data-olk-copy-source="MessageBody"><img decoding="async" class="alignnone  wp-image-24410" src="https://www.soralia.be/wp-content/uploads/2026/08/slogan_2-1-600x338-1-300x169.png" alt="" width="533" height="300" srcset="https://www.soralia.be/wp-content/uploads/2026/08/slogan_2-1-600x338-1-200x113.png 200w, https://www.soralia.be/wp-content/uploads/2026/08/slogan_2-1-600x338-1-300x169.png 300w, https://www.soralia.be/wp-content/uploads/2026/08/slogan_2-1-600x338-1-400x225.png 400w, https://www.soralia.be/wp-content/uploads/2026/08/slogan_2-1-600x338-1-500x282.png 500w, https://www.soralia.be/wp-content/uploads/2026/08/slogan_2-1-600x338-1.png 600w" sizes="(max-width: 533px) 100vw, 533px" /><br />
Dans le cadre de sa campagne <a title="https://mlff1.r.a.d.sendibm1.com/mk/cl/f/sh/SMK1E8tHeGgDwbEM89VdZpdM7t3J/oOKKVSyn4K1F" href="https://mlff1.r.a.d.sendibm1.com/mk/cl/f/sh/SMK1E8tHeGgDwbEM89VdZpdM7t3J/oOKKVSyn4K1F" target="_blank" rel="noopener noreferrer" data-auth="NotApplicable" data-linkindex="8">« <u>L’associatif une histoire de nous pour nous »</u></a>, Soralia vous invite à participer à une riposte festive pour échanger avec les actrices·eurs de terrain et se mobiliser autour de la défense du monde associatif. Alors que certain·e·s cherchent à réduire le secteur associatif à une variable d’ajustement budgétaire, il constitue en réalité l’un des derniers espaces où l’intérêt général prime sur la rentabilité. Un lieu où l’on répond à des besoins humains de base, comme se nourrir, se loger, s’exprimer, créer du lien. Le secteur associatif est donc un investissement dans l’avenir, qui a des retombées sociales positives pour toutes et tous en matière de prévention, d’inclusion, de santé ou encore d’éducation.</p>
<div id="x_isPasted">
<p class="x_default"><em>Au programme</em> :</p>
</div>
<ul>
<li>18h Accueil</li>
<li>18h30 Présentation de la campagne</li>
<li>19h L’histoire de l’associatif par Chloé Deligne</li>
<li>19h45 Apéro dinatoire suivi de la fête en musique</li>
</ul>
<p class="x_default">📅<strong>Jeudi </strong><span id="x_isPasted" data-olk-copy-source="MessageBody"><strong>17 septembre 2026 à 18h<br />
</strong></span>📍<span id="x_isPasted">Le Phare du Kanaal &#8211; </span>Quai des Charbonnages 40 à 1080 Molenbeek<br />
<span data-olk-copy-source="MessageBody">💶G</span>ratuit<br />
ℹ️<span id="x_isPasted" data-olk-copy-source="MessageBody">Inscription obligatoire via le <a href="https://docs.google.com/forms/d/e/1FAIpQLSe54RtaQtjoa5Nu6c2-JIrFx6m2jVVjWi3t6bFPyfJNSnvKqA/viewform">formulaire en ligne</a></span></p>
<p>On vous y attend nombreux.ses pour faire de cette riposte un moment festif et témoigner de votre soutien !</p>

<p>Dans le cadre de sa campagne « L’associatif une histoire de nous pour nous », Soralia vous invite à participer à une riposte festive pour échanger avec les actrices·eurs de terrain et se mobiliser autour de la défense du monde associatif. Alors que certain·e·s cherchent à réduire le secteur associatif à  [&#8230;]</p>
