{"id":24580,"date":"2026-09-04T11:50:12","date_gmt":"2026-09-04T09:50:12","guid":{"rendered":"https:\/\/www.soralia.be\/accueil\/event\/chorale-a-ath-3\/"},"modified":"2026-09-04T12:02:54","modified_gmt":"2026-09-04T10:02:54","slug":"chorale-a-ath-3","status":"publish","type":"tribe_events","link":"https:\/\/www.soralia.be\/accueil\/event\/chorale-a-ath-3\/","title":{"rendered":"Chorale \u00e0 Ath"},"content":{"rendered":"<h3><img decoding=\"async\" class=\"alignnone size-full wp-image-24573\" src=\"https:\/\/www.soralia.be\/wp-content\/uploads\/2026\/09\/corelia-chorale-Ath.png\" alt=\"\" width=\"1500\" height=\"1000\" srcset=\"https:\/\/www.soralia.be\/wp-content\/uploads\/2026\/09\/corelia-chorale-Ath-200x133.png 200w, https:\/\/www.soralia.be\/wp-content\/uploads\/2026\/09\/corelia-chorale-Ath-300x200.png 300w, https:\/\/www.soralia.be\/wp-content\/uploads\/2026\/09\/corelia-chorale-Ath-400x267.png 400w, https:\/\/www.soralia.be\/wp-content\/uploads\/2026\/09\/corelia-chorale-Ath-500x333.png 500w, https:\/\/www.soralia.be\/wp-content\/uploads\/2026\/09\/corelia-chorale-Ath-600x400.png 600w, https:\/\/www.soralia.be\/wp-content\/uploads\/2026\/09\/corelia-chorale-Ath-700x467.png 700w, https:\/\/www.soralia.be\/wp-content\/uploads\/2026\/09\/corelia-chorale-Ath-768x512.png 768w, https:\/\/www.soralia.be\/wp-content\/uploads\/2026\/09\/corelia-chorale-Ath-800x533.png 800w, https:\/\/www.soralia.be\/wp-content\/uploads\/2026\/09\/corelia-chorale-Ath-1024x683.png 1024w, https:\/\/www.soralia.be\/wp-content\/uploads\/2026\/09\/corelia-chorale-Ath-1200x800.png 1200w, https:\/\/www.soralia.be\/wp-content\/uploads\/2026\/09\/corelia-chorale-Ath.png 1500w\" sizes=\"(max-width: 1500px) 100vw, 1500px\" \/><\/h3>\n<h3>Chorale \u00e0 Ath<\/h3>\n<p>Chanter ensemble pour sortir de la solitude, tisser des liens, s\u2019\u00e9lever et r\u00e9v\u00e9ler le meilleur de soi-m\u00eame !<br \/>\nRejoignez notre chorale athoise !<\/p>\n<p>CORELIA existe depuis juin 2024 pour rassembler les individus autour de titres connus ! De la pop, des grands classiques\u2026 on chante, pour le plaisir ! De temps \u00e0 autre, des titres plus engag\u00e9s sont propos\u00e9s au groupe et des repr\u00e9sentations lors d\u2019\u00e9v\u00e8nements sont organis\u00e9es.<\/p>\n<div class=\"fusion-layout-column fusion_builder_column fusion-builder-column-1 fusion_builder_column_1_1 1_1 fusion-flex-column\">\n<div class=\"fusion-column-wrapper fusion-column-has-shadow fusion-flex-justify-content-flex-start fusion-content-layout-column\">\n<div class=\"fusion-title title fusion-title-1 sep-underline sep-solid fusion-title-center fusion-title-text fusion-title-size-one\">\n<h3 class=\"fusion-title-heading title-heading-center\">Modalit\u00e9s<\/h3>\n<\/div>\n<\/div>\n<\/div>\n<div class=\"fusion-layout-column fusion_builder_column fusion-builder-column-2 fusion_builder_column_2_3 2_3 fusion-flex-column\">\n<div class=\"fusion-column-wrapper fusion-column-has-shadow fusion-flex-justify-content-flex-start fusion-content-layout-column\">\n<p>Pour qui ? Adultes d\u00e8s 18 ans<\/p>\n<p>Quand ? Le samedi de 10h \u00e0 12h<\/p>\n<div class=\"fusion-li-item-content\">\n<p>Prochaines dates : 12\/09, 26\/09, 03\/10, 10\/10, 07\/11, 15\/12, 12\/12\/2026<\/p>\n<\/div>\n<p>O\u00f9 ? B\u00e2timent Solidaris &#8211; rue du Fort 48 \u00e0 Ath<\/p>\n<p>Prix ? Gratuit, sur inscription<\/p>\n<p>Contact ? Soralia Wallonie picarde<\/p>\n<div class=\"fusion-li-item-content\">\n<p>068\/84 84 98 \u2013\u00a0<a href=\"mailto:soralia.mwp@solidaris.be\">soralia.mwp@solidaris.be<\/a><\/p>\n<\/div>\n<\/div>\n<\/div>\n","protected":false},"excerpt":{"rendered":"<p>Chorale \u00e0 Ath Chanter ensemble pour sortir de la solitude, tisser des liens, s\u2019\u00e9lever et r\u00e9v\u00e9ler le meilleur de soi-m\u00eame ! Rejoignez notre chorale athoise ! CORELIA existe depuis juin 2024 pour rassembler les individus autour de titres connus ! De la pop, des grands classiques\u2026 on chante, pour le  [&#8230;]<\/p>\n","protected":false},"author":19,"featured_media":1075,"template":"","meta":{"_tribe_events_status":"","_tribe_events_status_reason":"","_tribe_events_is_hybrid":"","_tribe_events_is_virtual":"","_tribe_events_virtual_video_source":"","_tribe_events_virtual_embed_video":"","_tribe_events_virtual_linked_button_text":"","_tribe_events_virtual_linked_button":"","_tribe_events_virtual_show_embed_at":"","_tribe_events_virtual_show_embed_to":[],"_tribe_events_virtual_show_on_event":"","_tribe_events_virtual_show_on_views":"","_tribe_events_virtual_url":"","footnotes":""},"tags":[],"tribe_events_cat":[751,779,761,82],"class_list":["post-24580","tribe_events","type-tribe_events","status-publish","has-post-thumbnail","hentry","tribe_events_cat-adultes","tribe_events_cat-arts-de-la-scene","tribe_events_cat-soralia","tribe_events_cat-wallonie-picarde","cat_adultes","cat_arts-de-la-scene","cat_soralia","cat_wallonie-picarde"],"_links":{"self":[{"href":"https:\/\/www.soralia.be\/accueil\/wp-json\/wp\/v2\/tribe_events\/24580","targetHints":{"allow":["GET"]}}],"collection":[{"href":"https:\/\/www.soralia.be\/accueil\/wp-json\/wp\/v2\/tribe_events"}],"about":[{"href":"https:\/\/www.soralia.be\/accueil\/wp-json\/wp\/v2\/types\/tribe_events"}],"author":[{"embeddable":true,"href":"https:\/\/www.soralia.be\/accueil\/wp-json\/wp\/v2\/users\/19"}],"version-history":[{"count":1,"href":"https:\/\/www.soralia.be\/accueil\/wp-json\/wp\/v2\/tribe_events\/24580\/revisions"}],"predecessor-version":[{"id":24581,"href":"https:\/\/www.soralia.be\/accueil\/wp-json\/wp\/v2\/tribe_events\/24580\/revisions\/24581"}],"wp:featuredmedia":[{"embeddable":true,"href":"https:\/\/www.soralia.be\/accueil\/wp-json\/wp\/v2\/media\/1075"}],"wp:attachment":[{"href":"https:\/\/www.soralia.be\/accueil\/wp-json\/wp\/v2\/media?parent=24580"}],"wp:term":[{"taxonomy":"post_tag","embeddable":true,"href":"https:\/\/www.soralia.be\/accueil\/wp-json\/wp\/v2\/tags?post=24580"},{"taxonomy":"tribe_events_cat","embeddable":true,"href":"https:\/\/www.soralia.be\/accueil\/wp-json\/wp\/v2\/tribe_events_cat?post=24580"}],"curies":[{"name":"wp","href":"https:\/\/api.w.org\/{rel}","templated":true}]}}

Chorale à Ath

<h3><img decoding="async" class="alignnone size-full wp-image-24573" src="https://www.soralia.be/wp-content/uploads/2026/09/corelia-chorale-Ath.png" alt="" width="1500" height="1000" srcset="https://www.soralia.be/wp-content/uploads/2026/09/corelia-chorale-Ath-200x133.png 200w, https://www.soralia.be/wp-content/uploads/2026/09/corelia-chorale-Ath-300x200.png 300w, https://www.soralia.be/wp-content/uploads/2026/09/corelia-chorale-Ath-400x267.png 400w, https://www.soralia.be/wp-content/uploads/2026/09/corelia-chorale-Ath-500x333.png 500w, https://www.soralia.be/wp-content/uploads/2026/09/corelia-chorale-Ath-600x400.png 600w, https://www.soralia.be/wp-content/uploads/2026/09/corelia-chorale-Ath-700x467.png 700w, https://www.soralia.be/wp-content/uploads/2026/09/corelia-chorale-Ath-768x512.png 768w, https://www.soralia.be/wp-content/uploads/2026/09/corelia-chorale-Ath-800x533.png 800w, https://www.soralia.be/wp-content/uploads/2026/09/corelia-chorale-Ath-1024x683.png 1024w, https://www.soralia.be/wp-content/uploads/2026/09/corelia-chorale-Ath-1200x800.png 1200w, https://www.soralia.be/wp-content/uploads/2026/09/corelia-chorale-Ath.png 1500w" sizes="(max-width: 1500px) 100vw, 1500px" /></h3>
<h3>Chorale à Ath</h3>
<p>Chanter ensemble pour sortir de la solitude, tisser des liens, s’élever et révéler le meilleur de soi-même !<br />
Rejoignez notre chorale athoise !</p>
<p>CORELIA existe depuis juin 2024 pour rassembler les individus autour de titres connus ! De la pop, des grands classiques… on chante, pour le plaisir ! De temps à autre, des titres plus engagés sont proposés au groupe et des représentations lors d’évènements sont organisées.</p>
<div class="fusion-layout-column fusion_builder_column fusion-builder-column-1 fusion_builder_column_1_1 1_1 fusion-flex-column">
<div class="fusion-column-wrapper fusion-column-has-shadow fusion-flex-justify-content-flex-start fusion-content-layout-column">
<div class="fusion-title title fusion-title-1 sep-underline sep-solid fusion-title-center fusion-title-text fusion-title-size-one">
<h3 class="fusion-title-heading title-heading-center">Modalités</h3>
</div>
</div>
</div>
<div class="fusion-layout-column fusion_builder_column fusion-builder-column-2 fusion_builder_column_2_3 2_3 fusion-flex-column">
<div class="fusion-column-wrapper fusion-column-has-shadow fusion-flex-justify-content-flex-start fusion-content-layout-column">
<p>Pour qui ? Adultes dès 18 ans</p>
<p>Quand ? Le samedi de 10h à 12h</p>
<div class="fusion-li-item-content">
<p>Prochaines dates : 12/09, 26/09, 03/10, 10/10, 07/11, 15/12, 12/12/2026</p>
</div>
<p>Où ? Bâtiment Solidaris &#8211; rue du Fort 48 à Ath</p>
<p>Prix ? Gratuit, sur inscription</p>
<p>Contact ? Soralia Wallonie picarde</p>
<div class="fusion-li-item-content">
<p>068/84 84 98 – <a href="mailto:soralia.mwp@solidaris.be">soralia.mwp@solidaris.be</a></p>
</div>
</div>
</div>

<p>Chorale à Ath Chanter ensemble pour sortir de la solitude, tisser des liens, s’élever et révéler le meilleur de soi-même ! Rejoignez notre chorale athoise ! CORELIA existe depuis juin 2024 pour rassembler les individus autour de titres connus ! De la pop, des grands classiques… on chante, pour le  [&#8230;]</p>
