{"id":24597,"date":"2026-09-04T12:11:11","date_gmt":"2026-09-04T10:11:11","guid":{"rendered":"https:\/\/www.soralia.be\/accueil\/?post_type=tribe_events&#038;p=24597"},"modified":"2026-09-04T12:11:11","modified_gmt":"2026-09-04T10:11:11","slug":"chorale-a-tournai-4","status":"publish","type":"tribe_events","link":"https:\/\/www.soralia.be\/accueil\/event\/chorale-a-tournai-4\/","title":{"rendered":"Chorale \u00e0 Tournai"},"content":{"rendered":"<div class=\"fusion-li-item-content\">\n<p><img decoding=\"async\" class=\"alignnone size-full wp-image-24591\" src=\"https:\/\/www.soralia.be\/wp-content\/uploads\/2026\/09\/Kaleida-chorale-tournai.png\" alt=\"\" width=\"1500\" height=\"1000\" srcset=\"https:\/\/www.soralia.be\/wp-content\/uploads\/2026\/09\/Kaleida-chorale-tournai-200x133.png 200w, https:\/\/www.soralia.be\/wp-content\/uploads\/2026\/09\/Kaleida-chorale-tournai-300x200.png 300w, https:\/\/www.soralia.be\/wp-content\/uploads\/2026\/09\/Kaleida-chorale-tournai-400x267.png 400w, https:\/\/www.soralia.be\/wp-content\/uploads\/2026\/09\/Kaleida-chorale-tournai-500x333.png 500w, https:\/\/www.soralia.be\/wp-content\/uploads\/2026\/09\/Kaleida-chorale-tournai-600x400.png 600w, https:\/\/www.soralia.be\/wp-content\/uploads\/2026\/09\/Kaleida-chorale-tournai-700x467.png 700w, https:\/\/www.soralia.be\/wp-content\/uploads\/2026\/09\/Kaleida-chorale-tournai-768x512.png 768w, https:\/\/www.soralia.be\/wp-content\/uploads\/2026\/09\/Kaleida-chorale-tournai-800x533.png 800w, https:\/\/www.soralia.be\/wp-content\/uploads\/2026\/09\/Kaleida-chorale-tournai-1024x683.png 1024w, https:\/\/www.soralia.be\/wp-content\/uploads\/2026\/09\/Kaleida-chorale-tournai-1200x800.png 1200w, https:\/\/www.soralia.be\/wp-content\/uploads\/2026\/09\/Kaleida-chorale-tournai.png 1500w\" sizes=\"(max-width: 1500px) 100vw, 1500px\" \/><\/p>\n<h3>Chorale interculturelle tournaisienne<\/h3>\n<p>Chanter ensemble pour aller \u00e0 la rencontre de l\u2019autre.<\/p>\n<p>La chorale interculturelle tournaisienne a pour vocation de tisser des ponts entre citoyen.nes du monde en proposant un r\u00e9pertoire plus \u00e9clectique, issu de la diversit\u00e9 culturelle des participant.e.s\u00a0!<\/p>\n<p>Venez travailler votre voix avec la cheffe de ch\u0153urs, Com\u00e8te Waf !<\/p>\n<p>Pour les personnes souhaitant rejoindre le groupe, les rentr\u00e9es se font en janvier et septembre uniquement.<\/p>\n<h3>Infos pratiques<\/h3>\n<p><strong>Pour qui ?<\/strong> Adulte d\u00e8s 18 ans<\/p>\n<p><strong>Quand ? 2 mardis par mois de 18h \u00e0 20h<\/strong><br \/>\n15\/09 : reprise + loterie du repertoire<br \/>\n29\/09 : r\u00e9p\u00e9tition<br \/>\n13\/10 : r\u00e9p\u00e9tition<br \/>\n06\/10 : r\u00e9p\u00e9tition<br \/>\n03\/11 : r\u00e9p\u00e9tition<br \/>\n01\/12 : r\u00e9p\u00e9tition<br \/>\n15\/12 : r\u00e9p\u00e9tition et auberge espagnole<\/p>\n<\/div>\n<div class=\"fusion-li-item-content\">\n<div>\n<div>\n<p><strong>A la Maison de la Culture dans le cadre des actions contre les violences faites aux femmes :<\/strong><\/p>\n<div>Mercredi 18\/11 17h-19h<br \/>\nSamedi 21\/11 10h-12h<br \/>\nMercredi 25\/11 17h-19h<\/div>\n<\/div>\n<\/div>\n<\/div>\n<p>&nbsp;<\/p>\n<div class=\"fusion-li-item-content\">\n<p><strong>O\u00f9 ?<\/strong> Salle CMT (suivez le fl\u00e9chage)<br \/>\nrue de Cordes 8, 7500 Tournai<\/p>\n<\/div>\n<p>&nbsp;<\/p>\n<div class=\"fusion-li-item-content\">\n<p><strong>Prix ?<\/strong> Gratuit, sur inscription<\/p>\n<\/div>\n<p>&nbsp;<\/p>\n<div class=\"fusion-li-item-content\">\n<p><strong>Contact ?<\/strong> Soralia Wallonie picarde<br \/>\n068 84 89 19 \u2013\u00a0<a href=\"mailto:soralia.mwp@solidaris.be\">soralia.mwp@solidaris.be<\/a><\/p>\n<\/div>\n","protected":false},"excerpt":{"rendered":"<p>Chorale interculturelle tournaisienne Chanter ensemble pour aller \u00e0 la rencontre de l\u2019autre. La chorale interculturelle tournaisienne a pour vocation de tisser des ponts entre citoyen.nes du monde en proposant un r\u00e9pertoire plus \u00e9clectique, issu de la diversit\u00e9 culturelle des participant.e.s\u00a0! Venez travailler votre voix avec la cheffe de ch\u0153urs, Com\u00e8te  [&#8230;]<\/p>\n","protected":false},"author":19,"featured_media":1075,"template":"","meta":{"_tribe_events_status":"","_tribe_events_status_reason":"","_tribe_events_is_hybrid":"","_tribe_events_is_virtual":"","_tribe_events_virtual_video_source":"","_tribe_events_virtual_embed_video":"","_tribe_events_virtual_linked_button_text":"","_tribe_events_virtual_linked_button":"","_tribe_events_virtual_show_embed_at":"","_tribe_events_virtual_show_embed_to":[],"_tribe_events_virtual_show_on_event":"","_tribe_events_virtual_show_on_views":"","_tribe_events_virtual_url":"","footnotes":""},"tags":[],"tribe_events_cat":[779,761,82],"class_list":["post-24597","tribe_events","type-tribe_events","status-publish","has-post-thumbnail","hentry","tribe_events_cat-arts-de-la-scene","tribe_events_cat-soralia","tribe_events_cat-wallonie-picarde","cat_arts-de-la-scene","cat_soralia","cat_wallonie-picarde"],"_links":{"self":[{"href":"https:\/\/www.soralia.be\/accueil\/wp-json\/wp\/v2\/tribe_events\/24597","targetHints":{"allow":["GET"]}}],"collection":[{"href":"https:\/\/www.soralia.be\/accueil\/wp-json\/wp\/v2\/tribe_events"}],"about":[{"href":"https:\/\/www.soralia.be\/accueil\/wp-json\/wp\/v2\/types\/tribe_events"}],"author":[{"embeddable":true,"href":"https:\/\/www.soralia.be\/accueil\/wp-json\/wp\/v2\/users\/19"}],"version-history":[{"count":1,"href":"https:\/\/www.soralia.be\/accueil\/wp-json\/wp\/v2\/tribe_events\/24597\/revisions"}],"predecessor-version":[{"id":24598,"href":"https:\/\/www.soralia.be\/accueil\/wp-json\/wp\/v2\/tribe_events\/24597\/revisions\/24598"}],"wp:featuredmedia":[{"embeddable":true,"href":"https:\/\/www.soralia.be\/accueil\/wp-json\/wp\/v2\/media\/1075"}],"wp:attachment":[{"href":"https:\/\/www.soralia.be\/accueil\/wp-json\/wp\/v2\/media?parent=24597"}],"wp:term":[{"taxonomy":"post_tag","embeddable":true,"href":"https:\/\/www.soralia.be\/accueil\/wp-json\/wp\/v2\/tags?post=24597"},{"taxonomy":"tribe_events_cat","embeddable":true,"href":"https:\/\/www.soralia.be\/accueil\/wp-json\/wp\/v2\/tribe_events_cat?post=24597"}],"curies":[{"name":"wp","href":"https:\/\/api.w.org\/{rel}","templated":true}]}}

Chorale à Tournai

<div class="fusion-li-item-content">
<p><img decoding="async" class="alignnone size-full wp-image-24591" src="https://www.soralia.be/wp-content/uploads/2026/09/Kaleida-chorale-tournai.png" alt="" width="1500" height="1000" srcset="https://www.soralia.be/wp-content/uploads/2026/09/Kaleida-chorale-tournai-200x133.png 200w, https://www.soralia.be/wp-content/uploads/2026/09/Kaleida-chorale-tournai-300x200.png 300w, https://www.soralia.be/wp-content/uploads/2026/09/Kaleida-chorale-tournai-400x267.png 400w, https://www.soralia.be/wp-content/uploads/2026/09/Kaleida-chorale-tournai-500x333.png 500w, https://www.soralia.be/wp-content/uploads/2026/09/Kaleida-chorale-tournai-600x400.png 600w, https://www.soralia.be/wp-content/uploads/2026/09/Kaleida-chorale-tournai-700x467.png 700w, https://www.soralia.be/wp-content/uploads/2026/09/Kaleida-chorale-tournai-768x512.png 768w, https://www.soralia.be/wp-content/uploads/2026/09/Kaleida-chorale-tournai-800x533.png 800w, https://www.soralia.be/wp-content/uploads/2026/09/Kaleida-chorale-tournai-1024x683.png 1024w, https://www.soralia.be/wp-content/uploads/2026/09/Kaleida-chorale-tournai-1200x800.png 1200w, https://www.soralia.be/wp-content/uploads/2026/09/Kaleida-chorale-tournai.png 1500w" sizes="(max-width: 1500px) 100vw, 1500px" /></p>
<h3>Chorale interculturelle tournaisienne</h3>
<p>Chanter ensemble pour aller à la rencontre de l’autre.</p>
<p>La chorale interculturelle tournaisienne a pour vocation de tisser des ponts entre citoyen.nes du monde en proposant un répertoire plus éclectique, issu de la diversité culturelle des participant.e.s !</p>
<p>Venez travailler votre voix avec la cheffe de chœurs, Comète Waf !</p>
<p>Pour les personnes souhaitant rejoindre le groupe, les rentrées se font en janvier et septembre uniquement.</p>
<h3>Infos pratiques</h3>
<p><strong>Pour qui ?</strong> Adulte dès 18 ans</p>
<p><strong>Quand ? 2 mardis par mois de 18h à 20h</strong><br />
15/09 : reprise + loterie du repertoire<br />
29/09 : répétition<br />
13/10 : répétition<br />
06/10 : répétition<br />
03/11 : répétition<br />
01/12 : répétition<br />
15/12 : répétition et auberge espagnole</p>
</div>
<div class="fusion-li-item-content">
<div>
<div>
<p><strong>A la Maison de la Culture dans le cadre des actions contre les violences faites aux femmes :</strong></p>
<div>Mercredi 18/11 17h-19h<br />
Samedi 21/11 10h-12h<br />
Mercredi 25/11 17h-19h</div>
</div>
</div>
</div>
<p>&nbsp;</p>
<div class="fusion-li-item-content">
<p><strong>Où ?</strong> Salle CMT (suivez le fléchage)<br />
rue de Cordes 8, 7500 Tournai</p>
</div>
<p>&nbsp;</p>
<div class="fusion-li-item-content">
<p><strong>Prix ?</strong> Gratuit, sur inscription</p>
</div>
<p>&nbsp;</p>
<div class="fusion-li-item-content">
<p><strong>Contact ?</strong> Soralia Wallonie picarde<br />
068 84 89 19 – <a href="mailto:soralia.mwp@solidaris.be">soralia.mwp@solidaris.be</a></p>
</div>

<p>Chorale interculturelle tournaisienne Chanter ensemble pour aller à la rencontre de l’autre. La chorale interculturelle tournaisienne a pour vocation de tisser des ponts entre citoyen.nes du monde en proposant un répertoire plus éclectique, issu de la diversité culturelle des participant.e.s ! Venez travailler votre voix avec la cheffe de chœurs, Comète  [&#8230;]</p>
