{"id":5219,"date":"2018-05-15T15:55:24","date_gmt":"2018-05-15T13:55:24","guid":{"rendered":"http:\/\/www.soralia.be\/?post_type=tribe_events&#038;p=5219"},"modified":"2018-05-15T15:55:24","modified_gmt":"2018-05-15T13:55:24","slug":"atelier-decriture-semaine-creaction","status":"publish","type":"tribe_events","link":"https:\/\/www.soralia.be\/accueil\/event\/atelier-decriture-semaine-creaction\/","title":{"rendered":"Atelier d&rsquo;Ecriture &#8211; Semaine Cr\u00e9&rsquo;Action"},"content":{"rendered":"<p>Atelier \u00e0 la port\u00e9e de toutes. Lib\u00e9rer son imaginaire en jouant avec les mots, les sons, les images, les clich\u00e9s, les st\u00e9r\u00e9otypes. Parler de notre r\u00f4le de femme et laisser un souvenir de nos textes sur un marque page r\u00e9alis\u00e9 par collage.<img decoding=\"async\" class=\"wp-image-3286 alignright\" src=\"http:\/\/www.soralia.be\/wp-content\/uploads\/2017\/05\/Visuel-300x281.jpg\" alt=\"\" width=\"112\" height=\"105\" \/><\/p>\n<p>Par Deborah Barbarossa, animatrice socioculturelle FPS<\/p>\n<p><span style=\"color: #993366\">Inscriptions obligatoires<\/span><\/p>\n","protected":false},"excerpt":{"rendered":"<p>Atelier \u00e0 la port\u00e9e de toutes. Lib\u00e9rer son imaginaire en jouant avec les mots, les sons, les images, les clich\u00e9s, les st\u00e9r\u00e9otypes. Parler de notre r\u00f4le de femme et laisser un souvenir de nos textes sur un marque page r\u00e9alis\u00e9 par collage. Par Deborah Barbarossa, animatrice socioculturelle FPS Inscriptions obligatoires<\/p>\n","protected":false},"author":4,"featured_media":1065,"template":"","meta":{"_tribe_events_status":"","_tribe_events_status_reason":"","_tribe_events_is_hybrid":"","_tribe_events_is_virtual":"","_tribe_events_virtual_video_source":"","_tribe_events_virtual_embed_video":"","_tribe_events_virtual_linked_button_text":"","_tribe_events_virtual_linked_button":"","_tribe_events_virtual_show_embed_at":"","_tribe_events_virtual_show_embed_to":[],"_tribe_events_virtual_show_on_event":"","_tribe_events_virtual_show_on_views":"","_tribe_events_virtual_url":"","footnotes":""},"tags":[6],"tribe_events_cat":[79,84,76],"class_list":["post-5219","tribe_events","type-tribe_events","status-publish","has-post-thumbnail","hentry","tag-droits-des-femmes","tribe_events_cat-centre-soignies","tribe_events_cat-egalite-femme-homme","tribe_events_cat-regional","cat_centre-soignies","cat_egalite-femme-homme","cat_regional"],"_links":{"self":[{"href":"https:\/\/www.soralia.be\/accueil\/wp-json\/wp\/v2\/tribe_events\/5219","targetHints":{"allow":["GET"]}}],"collection":[{"href":"https:\/\/www.soralia.be\/accueil\/wp-json\/wp\/v2\/tribe_events"}],"about":[{"href":"https:\/\/www.soralia.be\/accueil\/wp-json\/wp\/v2\/types\/tribe_events"}],"author":[{"embeddable":true,"href":"https:\/\/www.soralia.be\/accueil\/wp-json\/wp\/v2\/users\/4"}],"version-history":[{"count":1,"href":"https:\/\/www.soralia.be\/accueil\/wp-json\/wp\/v2\/tribe_events\/5219\/revisions"}],"predecessor-version":[{"id":5220,"href":"https:\/\/www.soralia.be\/accueil\/wp-json\/wp\/v2\/tribe_events\/5219\/revisions\/5220"}],"wp:featuredmedia":[{"embeddable":true,"href":"https:\/\/www.soralia.be\/accueil\/wp-json\/wp\/v2\/media\/1065"}],"wp:attachment":[{"href":"https:\/\/www.soralia.be\/accueil\/wp-json\/wp\/v2\/media?parent=5219"}],"wp:term":[{"taxonomy":"post_tag","embeddable":true,"href":"https:\/\/www.soralia.be\/accueil\/wp-json\/wp\/v2\/tags?post=5219"},{"taxonomy":"tribe_events_cat","embeddable":true,"href":"https:\/\/www.soralia.be\/accueil\/wp-json\/wp\/v2\/tribe_events_cat?post=5219"}],"curies":[{"name":"wp","href":"https:\/\/api.w.org\/{rel}","templated":true}]}}

Atelier d&rsquo;Ecriture &#8211; Semaine Cré&rsquo;Action

<p>Atelier à la portée de toutes. Libérer son imaginaire en jouant avec les mots, les sons, les images, les clichés, les stéréotypes. Parler de notre rôle de femme et laisser un souvenir de nos textes sur un marque page réalisé par collage.<img decoding="async" class="wp-image-3286 alignright" src="http://www.soralia.be/wp-content/uploads/2017/05/Visuel-300x281.jpg" alt="" width="112" height="105" /></p>
<p>Par Deborah Barbarossa, animatrice socioculturelle FPS</p>
<p><span style="color: #993366">Inscriptions obligatoires</span></p>

<p>Atelier à la portée de toutes. Libérer son imaginaire en jouant avec les mots, les sons, les images, les clichés, les stéréotypes. Parler de notre rôle de femme et laisser un souvenir de nos textes sur un marque page réalisé par collage. Par Deborah Barbarossa, animatrice socioculturelle FPS Inscriptions obligatoires</p>
